CRAN Package Check Results for Package RNGforGPD

Last updated on 2024-04-22 10:56:36 CEST.

Flavor Version Tinstall Tcheck Ttotal Status Flags
r-devel-linux-x86_64-debian-clang 1.1.0 6.33 92.48 98.81 NOTE
r-devel-linux-x86_64-debian-gcc 1.1.0 6.10 67.77 73.87 NOTE
r-devel-linux-x86_64-fedora-clang 1.1.0 125.46 NOTE
r-devel-linux-x86_64-fedora-gcc 1.1.0 132.56 NOTE
r-prerel-macos-arm64 1.1.0 45.00 NOTE
r-prerel-windows-x86_64 1.1.0 7.00 84.00 91.00 NOTE
r-patched-linux-x86_64 1.1.0 7.27 91.98 99.25 NOTE
r-release-linux-x86_64 1.1.0 5.97 105.41 111.38 NOTE
r-release-macos-arm64 1.1.0 50.00 NOTE
r-release-macos-x86_64 1.1.0 77.00 NOTE
r-release-windows-x86_64 1.1.0 9.00 100.00 109.00 NOTE
r-oldrel-macos-arm64 1.1.0 47.00 NOTE
r-oldrel-windows-x86_64 1.1.0 10.00 106.00 116.00 NOTE

Check Details

Version: 1.1.0
Check: LazyData
Result: NOTE 'LazyData' is specified without a 'data' directory Flavors: r-devel-linux-x86_64-debian-clang, r-devel-linux-x86_64-debian-gcc, r-devel-linux-x86_64-fedora-clang, r-devel-linux-x86_64-fedora-gcc, r-prerel-macos-arm64, r-prerel-windows-x86_64, r-patched-linux-x86_64, r-release-linux-x86_64, r-release-macos-arm64, r-release-macos-x86_64, r-release-windows-x86_64, r-oldrel-macos-arm64, r-oldrel-windows-x86_64