CRAN Package Check Results for Package REddyProcNCDF

Last updated on 2024-07-20 02:49:08 CEST.

Flavor Version Tinstall Tcheck Ttotal Status Flags
r-devel-linux-x86_64-debian-clang 1.1.4 7.37 67.45 74.82 NOTE
r-devel-linux-x86_64-debian-gcc 1.1.4 6.11 50.46 56.57 NOTE
r-devel-linux-x86_64-fedora-clang 1.1.4 93.81 NOTE
r-devel-linux-x86_64-fedora-gcc 1.1.4 92.96 NOTE
r-devel-windows-x86_64 1.1.4 10.00 65.00 75.00 NOTE
r-patched-linux-x86_64 1.1.4 5.86 63.38 69.24 NOTE
r-release-linux-x86_64 1.1.4 5.10 63.77 68.87 NOTE
r-release-macos-arm64 1.1.4 30.00 NOTE
r-release-macos-x86_64 1.1.4 46.00 NOTE
r-release-windows-x86_64 1.1.4 7.00 64.00 71.00 NOTE
r-oldrel-macos-arm64 1.1.4 29.00 NOTE
r-oldrel-macos-x86_64 1.1.4 43.00 NOTE
r-oldrel-windows-x86_64 1.1.4 10.00 74.00 84.00 NOTE

Check Details

Version: 1.1.4
Check: LazyData
Result: NOTE 'LazyData' is specified without a 'data' directory Flavors: r-devel-linux-x86_64-debian-clang, r-devel-linux-x86_64-debian-gcc, r-devel-linux-x86_64-fedora-clang, r-devel-linux-x86_64-fedora-gcc, r-devel-windows-x86_64, r-patched-linux-x86_64, r-release-linux-x86_64, r-release-macos-arm64, r-release-macos-x86_64, r-release-windows-x86_64, r-oldrel-macos-arm64, r-oldrel-macos-x86_64, r-oldrel-windows-x86_64