CRAN Package Check Results for Package RDota2

Last updated on 2022-10-02 02:49:19 CEST.

Flavor Version Tinstall Tcheck Ttotal Status Flags
r-devel-linux-x86_64-debian-clang 0.1.6 1.82 31.78 33.60 NOTE
r-devel-linux-x86_64-debian-gcc 0.1.6 2.07 24.87 26.94 NOTE
r-devel-linux-x86_64-fedora-clang 0.1.6 55.34 NOTE
r-devel-linux-x86_64-fedora-gcc 0.1.6 54.04 NOTE
r-devel-windows-x86_64 0.1.6 14.00 73.00 87.00 NOTE
r-patched-linux-x86_64 0.1.6 2.77 29.86 32.63 NOTE
r-release-linux-x86_64 0.1.6 1.52 30.37 31.89 NOTE
r-release-macos-arm64 0.1.6 20.00 NOTE
r-release-macos-x86_64 0.1.6 28.00 NOTE
r-release-windows-x86_64 0.1.6 10.00 126.00 136.00 NOTE
r-oldrel-macos-arm64 0.1.6 23.00 NOTE
r-oldrel-macos-x86_64 0.1.6 29.00 NOTE
r-oldrel-windows-ix86+x86_64 0.1.6 5.00 59.00 64.00 NOTE

Check Details

Version: 0.1.6
Check: LazyData
Result: NOTE
     'LazyData' is specified without a 'data' directory
Flavors: r-devel-linux-x86_64-debian-clang, r-devel-linux-x86_64-debian-gcc, r-devel-linux-x86_64-fedora-clang, r-devel-linux-x86_64-fedora-gcc, r-devel-windows-x86_64, r-patched-linux-x86_64, r-release-linux-x86_64, r-release-macos-arm64, r-release-macos-x86_64, r-release-windows-x86_64, r-oldrel-macos-arm64, r-oldrel-macos-x86_64, r-oldrel-windows-ix86+x86_64