Last updated on 2023-02-05 11:10:44 CET.
Flavor | Version | Tinstall | Tcheck | Ttotal | Status | Flags |
---|---|---|---|---|---|---|
r-devel-linux-x86_64-debian-clang | 0.4 | 8.34 | 58.03 | 66.37 | NOTE | |
r-devel-linux-x86_64-debian-gcc | 0.4 | 5.08 | 43.13 | 48.21 | NOTE | |
r-devel-linux-x86_64-fedora-clang | 0.4 | 81.77 | NOTE | |||
r-devel-linux-x86_64-fedora-gcc | 0.4 | 78.19 | NOTE | |||
r-devel-windows-x86_64 | 0.4 | 23.00 | 90.00 | 113.00 | OK | |
r-patched-linux-x86_64 | 0.4 | 8.10 | 54.02 | 62.12 | NOTE | |
r-release-linux-x86_64 | 0.4 | 7.62 | 54.45 | 62.07 | NOTE | |
r-release-macos-arm64 | 0.4 | 25.00 | OK | |||
r-release-macos-x86_64 | 0.4 | 34.00 | OK | |||
r-release-windows-x86_64 | 0.4 | 24.00 | 96.00 | 120.00 | OK | |
r-oldrel-macos-arm64 | 0.4 | 29.00 | OK | |||
r-oldrel-macos-x86_64 | 0.4 | 43.00 | OK | |||
r-oldrel-windows-ix86+x86_64 | 0.4 | 12.00 | 80.00 | 92.00 | OK |
Version: 0.4
Check: for non-standard things in the check directory
Result: NOTE
Found the following files/directories:
‘blcs.dot’ ‘ex1.dot’ ‘ex1bridge1.dot’ ‘ex1bridge2.dot’
‘ex1bridge3.dot’ ‘ex1effect1.dot’ ‘ex1effect2.dot’ ‘gcmlinear.dot’
‘latent.dot’ ‘lcs.dot’ ‘mimic.dot’
Flavors: r-devel-linux-x86_64-debian-clang, r-devel-linux-x86_64-debian-gcc, r-patched-linux-x86_64, r-release-linux-x86_64
Version: 0.4
Check: for non-standard things in the check directory
Result: NOTE
Found the following files/directories:
‘blcs.dot’ ‘blcs.pdf’ ‘ex1.dot’ ‘ex1.pdf’ ‘ex1bridge1.dot’
‘ex1bridge1.pdf’ ‘ex1bridge2.dot’ ‘ex1bridge2.pdf’ ‘ex1bridge3.dot’
‘ex1bridge3.pdf’ ‘ex1effect1.dot’ ‘ex1effect1.pdf’ ‘ex1effect2.dot’
‘ex1effect2.pdf’ ‘gcmlinear.dot’ ‘gcmlinear.pdf’ ‘latent.dot’
‘latent.pdf’ ‘lcs.dot’ ‘lcs.pdf’ ‘mimic.dot’ ‘mimic.pdf’
Flavors: r-devel-linux-x86_64-fedora-clang, r-devel-linux-x86_64-fedora-gcc