Last updated on 2025-01-13 18:49:27 CET.
Flavor | Version | Tinstall | Tcheck | Ttotal | Status | Flags |
---|---|---|---|---|---|---|
r-devel-linux-x86_64-debian-clang | 1.2.1 | 191.18 | 88.07 | 279.25 | OK | |
r-devel-linux-x86_64-debian-gcc | 1.2.1 | 179.86 | 60.68 | 240.54 | OK | |
r-devel-linux-x86_64-fedora-clang | 1.2.1 | 443.91 | OK | |||
r-devel-linux-x86_64-fedora-gcc | 1.2.1 | 697.75 | OK | |||
r-devel-windows-x86_64 | 1.2.1 | 185.00 | 138.00 | 323.00 | OK | |
r-patched-linux-x86_64 | 1.2.1 | 243.10 | 81.44 | 324.54 | OK | |
r-release-linux-x86_64 | 1.2.1 | 246.02 | 81.56 | 327.58 | OK | |
r-release-macos-arm64 | 1.2.1 | 147.00 | NOTE | |||
r-release-macos-x86_64 | 1.2.1 | 259.00 | NOTE | |||
r-release-windows-x86_64 | 1.2.1 | 179.00 | 147.00 | 326.00 | NOTE | |
r-oldrel-macos-arm64 | 1.2.1 | 144.00 | NOTE | |||
r-oldrel-macos-x86_64 | 1.2.1 | 205.00 | NOTE | |||
r-oldrel-windows-x86_64 | 1.2.1 | 237.00 | 170.00 | 407.00 | NOTE |
Version: 1.2.1
Check: installed package size
Result: NOTE
installed size is 114.6Mb
sub-directories of 1Mb or more:
libs 113.8Mb
Flavors: r-release-macos-arm64, r-release-macos-x86_64, r-release-windows-x86_64, r-oldrel-macos-arm64, r-oldrel-macos-x86_64, r-oldrel-windows-x86_64