CRAN Package Check Results for Package Q7

Last updated on 2024-04-24 19:55:19 CEST.

Flavor Version Tinstall Tcheck Ttotal Status Flags
r-devel-linux-x86_64-debian-clang 0.1.0 2.20 29.53 31.73 NOTE
r-devel-linux-x86_64-debian-gcc 0.1.0 1.78 23.00 24.78 NOTE
r-devel-linux-x86_64-fedora-clang 0.1.0 41.75 NOTE
r-devel-linux-x86_64-fedora-gcc 0.1.0 51.28 NOTE
r-devel-windows-x86_64 0.1.0 3.00 47.00 50.00 NOTE
r-patched-linux-x86_64 0.1.0 2.24 28.91 31.15 NOTE
r-release-linux-x86_64 0.1.0 1.98 27.18 29.16 NOTE
r-release-macos-arm64 0.1.0 35.00 NOTE
r-release-windows-x86_64 0.1.0 3.00 46.00 49.00 NOTE
r-oldrel-macos-arm64 0.1.0 27.00 NOTE
r-oldrel-macos-x86_64 0.1.0 33.00 NOTE
r-oldrel-windows-x86_64 0.1.0 3.00 46.00 49.00 NOTE

Check Details

Version: 0.1.0
Check: LazyData
Result: NOTE 'LazyData' is specified without a 'data' directory Flavors: r-devel-linux-x86_64-debian-clang, r-devel-linux-x86_64-debian-gcc, r-devel-linux-x86_64-fedora-clang, r-devel-linux-x86_64-fedora-gcc, r-devel-windows-x86_64, r-patched-linux-x86_64, r-release-linux-x86_64, r-release-macos-arm64, r-release-windows-x86_64, r-oldrel-macos-arm64, r-oldrel-macos-x86_64, r-oldrel-windows-x86_64