CRAN Package Check Results for Package PupilPre

Last updated on 2025-01-25 02:51:04 CET.

Flavor Version Tinstall Tcheck Ttotal Status Flags
r-devel-linux-x86_64-debian-clang 0.6.2 9.19 133.02 142.21 NOTE
r-devel-linux-x86_64-debian-gcc 0.6.2 7.91 90.80 98.71 NOTE
r-devel-linux-x86_64-fedora-clang 0.6.2 229.50 OK
r-devel-linux-x86_64-fedora-gcc 0.6.2 226.92 OK
r-devel-windows-x86_64 0.6.2 12.00 137.00 149.00 NOTE
r-patched-linux-x86_64 0.6.2 17.79 120.82 138.61 OK
r-release-linux-x86_64 0.6.2 9.77 121.56 131.33 OK
r-release-macos-arm64 0.6.2 69.00 OK
r-release-macos-x86_64 0.6.2 102.00 OK
r-release-windows-x86_64 0.6.2 12.00 134.00 146.00 OK
r-oldrel-macos-arm64 0.6.2 76.00 OK
r-oldrel-macos-x86_64 0.6.2 112.00 OK
r-oldrel-windows-x86_64 0.6.2 15.00 161.00 176.00 OK

Check Details

Version: 0.6.2
Check: Rd cross-references
Result: NOTE Found the following Rd file(s) with Rd \link{} targets missing package anchors: NA_summary.Rd: create_time_series blink_summary.Rd: create_time_series check_baseline.Rd: create_time_series compare_summary.Rd: create_time_series ppl_check_eye_recording.Rd: create_time_series ppl_plot_avg.Rd: create_time_series ppl_plot_avg_contour.Rd: create_time_series ppl_select_recorded_eye.Rd: create_time_series Please provide package anchors for all Rd \link{} targets not in the package itself and the base packages. Flavors: r-devel-linux-x86_64-debian-clang, r-devel-linux-x86_64-debian-gcc, r-devel-windows-x86_64