CRAN Package Check Results for Package ProPublicaR

Last updated on 2024-07-18 10:51:18 CEST.

Flavor Version Tinstall Tcheck Ttotal Status Flags
r-devel-linux-x86_64-debian-clang 1.1.4 7.70 68.83 76.53 NOTE
r-devel-linux-x86_64-debian-gcc 1.1.4 5.64 50.74 56.38 NOTE
r-devel-linux-x86_64-fedora-clang 1.1.4 97.77 NOTE
r-devel-windows-x86_64 1.1.4 9.00 88.00 97.00 NOTE
r-patched-linux-x86_64 1.1.4 9.70 65.92 75.62 NOTE
r-release-linux-x86_64 1.1.4 7.20 63.71 70.91 NOTE
r-release-macos-arm64 1.1.4 29.00 NOTE
r-release-macos-x86_64 1.1.4 43.00 NOTE
r-release-windows-x86_64 1.1.4 8.00 85.00 93.00 NOTE
r-oldrel-macos-arm64 1.1.4 48.00 OK
r-oldrel-macos-x86_64 1.1.4 115.00 OK
r-oldrel-windows-x86_64 1.1.4 12.00 98.00 110.00 OK

Check Details

Version: 1.1.4
Check: Rd files
Result: NOTE checkRd: (-1) compare_two_member_bill_sponsorships.Rd:33: Lost braces; missing escapes or markup? 33 | To compare bill sponsorship between two members who served in the same Congress and chamber. HTTP Request: GET https://api.propublica.org/congress/v1/members/{first-member-id}/bills/{second-member-id}/{congress}/{chamber}.json | ^ checkRd: (-1) compare_two_member_bill_sponsorships.Rd:33: Lost braces; missing escapes or markup? 33 | To compare bill sponsorship between two members who served in the same Congress and chamber. HTTP Request: GET https://api.propublica.org/congress/v1/members/{first-member-id}/bills/{second-member-id}/{congress}/{chamber}.json | ^ checkRd: (-1) compare_two_member_bill_sponsorships.Rd:33: Lost braces; missing escapes or markup? 33 | To compare bill sponsorship between two members who served in the same Congress and chamber. HTTP Request: GET https://api.propublica.org/congress/v1/members/{first-member-id}/bills/{second-member-id}/{congress}/{chamber}.json | ^ checkRd: (-1) compare_two_member_bill_sponsorships.Rd:33: Lost braces; missing escapes or markup? 33 | To compare bill sponsorship between two members who served in the same Congress and chamber. HTTP Request: GET https://api.propublica.org/congress/v1/members/{first-member-id}/bills/{second-member-id}/{congress}/{chamber}.json | ^ checkRd: (-1) compare_two_member_vote_positions.Rd:33: Lost braces; missing escapes or markup? 33 | Use this request type to compare two members’ vote positions in a particular Congress and chamber. Responses include four calculated values, showing the number and percentage of votes in which the members took the same position or opposing positions. HTTP Request: GET https://api.propublica.org/congress/v1/members/{first-member-id}/votes/{second-member-id}/{congress}/{chamber}.json | ^ checkRd: (-1) compare_two_member_vote_positions.Rd:33: Lost braces; missing escapes or markup? 33 | Use this request type to compare two members’ vote positions in a particular Congress and chamber. Responses include four calculated values, showing the number and percentage of votes in which the members took the same position or opposing positions. HTTP Request: GET https://api.propublica.org/congress/v1/members/{first-member-id}/votes/{second-member-id}/{congress}/{chamber}.json | ^ checkRd: (-1) compare_two_member_vote_positions.Rd:33: Lost braces; missing escapes or markup? 33 | Use this request type to compare two members’ vote positions in a particular Congress and chamber. Responses include four calculated values, showing the number and percentage of votes in which the members took the same position or opposing positions. HTTP Request: GET https://api.propublica.org/congress/v1/members/{first-member-id}/votes/{second-member-id}/{congress}/{chamber}.json | ^ checkRd: (-1) compare_two_member_vote_positions.Rd:33: Lost braces; missing escapes or markup? 33 | Use this request type to compare two members’ vote positions in a particular Congress and chamber. Responses include four calculated values, showing the number and percentage of votes in which the members took the same position or opposing positions. HTTP Request: GET https://api.propublica.org/congress/v1/members/{first-member-id}/votes/{second-member-id}/{congress}/{chamber}.json | ^ checkRd: (-1) get_amendments_bill.Rd:22: Lost braces; missing escapes or markup? 22 | HTTP Request: GET https://api.propublica.org/congress/v1/{congress}/bills/{bill-id}/amendments.json. Use this request type to get Library of Congress-assigned subjects about a particular bill. | ^ checkRd: (-1) get_amendments_bill.Rd:22: Lost braces; missing escapes or markup? 22 | HTTP Request: GET https://api.propublica.org/congress/v1/{congress}/bills/{bill-id}/amendments.json. Use this request type to get Library of Congress-assigned subjects about a particular bill. | ^ checkRd: (-1) get_bills_cosponsored_member.Rd:27: Lost braces; missing escapes or markup? 27 | To get the 20 most recent bill cosponsorships for a particular member, either bills cosponsored or bills where cosponsorship was withdrawn. #HTTP Request: GET https://api.propublica.org/congress/v1/members/{member-id}/bills/{type}.json | ^ checkRd: (-1) get_bills_cosponsored_member.Rd:27: Lost braces; missing escapes or markup? 27 | To get the 20 most recent bill cosponsorships for a particular member, either bills cosponsored or bills where cosponsorship was withdrawn. #HTTP Request: GET https://api.propublica.org/congress/v1/members/{member-id}/bills/{type}.json | ^ checkRd: (-1) get_candidate.Rd:7: Lost braces; missing escapes or markup? 7 | GET https://api.propublica.org/campaign-finance/v1/{cycle}/candidates/{fec-id}} | ^ checkRd: (-1) get_candidate.Rd:7: Lost braces; missing escapes or markup? 7 | GET https://api.propublica.org/campaign-finance/v1/{cycle}/candidates/{fec-id}} | ^ checkRd: (-1) get_candidate.Rd:26: Lost braces; missing escapes or markup? 26 | GET https://api.propublica.org/campaign-finance/v1/{cycle}/candidates/{fec-id} | ^ checkRd: (-1) get_candidate.Rd:26: Lost braces; missing escapes or markup? 26 | GET https://api.propublica.org/campaign-finance/v1/{cycle}/candidates/{fec-id} | ^ checkRd: (-1) get_candidate_by_name.Rd:23: Lost braces; missing escapes or markup? 23 | HTTP Request: GET https://api.propublica.org/campaign-finance/v1/{cycle}/candidates/search | ^ checkRd: (-1) get_committee.Rd:6: Lost braces; missing escapes or markup? 6 | HTTP Request: GET https://api.propublica.org/campaign-finance/v1/{cycle}/committees/{fec-id}} | ^ checkRd: (-1) get_committee.Rd:6: Lost braces; missing escapes or markup? 6 | HTTP Request: GET https://api.propublica.org/campaign-finance/v1/{cycle}/committees/{fec-id}} | ^ checkRd: (-1) get_committee.Rd:24: Lost braces; missing escapes or markup? 24 | HTTP Request: GET https://api.propublica.org/campaign-finance/v1/{cycle}/committees/{fec-id} | ^ checkRd: (-1) get_committee.Rd:24: Lost braces; missing escapes or markup? 24 | HTTP Request: GET https://api.propublica.org/campaign-finance/v1/{cycle}/committees/{fec-id} | ^ checkRd: (-1) get_committee_by_name.Rd:22: Lost braces; missing escapes or markup? 22 | HTTP Request: GET https://api.propublica.org/campaign-finance/v1/{cycle}/committees/search | ^ checkRd: (-1) get_committee_electioneering_communications.Rd:27: Lost braces; missing escapes or markup? 27 | HTTP Request: GET https://api.propublica.org/campaign-finance/v1/{cycle}/committees/{fec-id}/electioneering_communications | ^ checkRd: (-1) get_committee_electioneering_communications.Rd:27: Lost braces; missing escapes or markup? 27 | HTTP Request: GET https://api.propublica.org/campaign-finance/v1/{cycle}/committees/{fec-id}/electioneering_communications | ^ checkRd: (-1) get_committee_filings.Rd:22: Lost braces; missing escapes or markup? 22 | HTTP Request GET https://api.propublica.org/campaign-finance/v1/{cycle}/committees/{fec-id}/filings | ^ checkRd: (-1) get_committee_filings.Rd:22: Lost braces; missing escapes or markup? 22 | HTTP Request GET https://api.propublica.org/campaign-finance/v1/{cycle}/committees/{fec-id}/filings | ^ checkRd: (-1) get_committee_leadership.Rd:20: Lost braces; missing escapes or markup? 20 | HTTP Request: GET https://api.propublica.org/campaign-finance/v1/{cycle}/committees/leadership | ^ checkRd: (-1) get_congress_member.Rd:20: Lost braces; missing escapes or markup? 20 | To get biographical and Congressional role information for a particular member of Congress. HTTP Request: GET https://api.propublica.org/congress/v1/members/{member-id}.json | ^ checkRd: (-1) get_congressional_statement_by_bill.Rd:22: Lost braces; missing escapes or markup? 22 | To get lists of statements published on a specific member’s congressional website during a particular congress, use the following function. HTTP Request: GET https://api.propublica.org/congress/v1/{congress}/bills/{bill-id}/statements.json | ^ checkRd: (-1) get_congressional_statement_by_bill.Rd:22: Lost braces; missing escapes or markup? 22 | To get lists of statements published on a specific member’s congressional website during a particular congress, use the following function. HTTP Request: GET https://api.propublica.org/congress/v1/{congress}/bills/{bill-id}/statements.json | ^ checkRd: (-1) get_congressional_statement_by_subjects.Rd:20: Lost braces; missing escapes or markup? 20 | To get lists of statements published on congressional websites for a particular subject, use the following function.These subjects are not automatically assigned but are manually curated by ProPublica, although they are based on legislative subjects produced by the Library of Congress. We advise using the statement search response for a more complete listing of statements about a keyword or phrase. HTTP Request: GET https://api.propublica.org/congress/v1/statements/subject/{subject}.json | ^ checkRd: (-1) get_cosponsors_specific_bill.Rd:22: Lost braces; missing escapes or markup? 22 | HTTP Request: GET https://api.propublica.org/congress/v1/{congress}/bills/{bill-id}/cosponsors.json. Use this request type to get Library of Congress-assigned subjects about a particular bill. | ^ checkRd: (-1) get_cosponsors_specific_bill.Rd:22: Lost braces; missing escapes or markup? 22 | HTTP Request: GET https://api.propublica.org/congress/v1/{congress}/bills/{bill-id}/cosponsors.json. Use this request type to get Library of Congress-assigned subjects about a particular bill. | ^ checkRd: (-1) get_current_members_by_statedistrict.Rd:30: Lost braces; missing escapes or markup? 30 | Senate Request: GET https://api.propublica.org/congress/v1/members/{chamber}/{state}/current.json | ^ checkRd: (-1) get_current_members_by_statedistrict.Rd:30: Lost braces; missing escapes or markup? 30 | Senate Request: GET https://api.propublica.org/congress/v1/members/{chamber}/{state}/current.json | ^ checkRd: (-1) get_current_members_by_statedistrict.Rd:31: Lost braces; missing escapes or markup? 31 | House Request: GET https://api.propublica.org/congress/v1/members/{chamber}/{state}/{district}/current.json | ^ checkRd: (-1) get_current_members_by_statedistrict.Rd:31: Lost braces; missing escapes or markup? 31 | House Request: GET https://api.propublica.org/congress/v1/members/{chamber}/{state}/{district}/current.json | ^ checkRd: (-1) get_current_members_by_statedistrict.Rd:31: Lost braces; missing escapes or markup? 31 | House Request: GET https://api.propublica.org/congress/v1/members/{chamber}/{state}/{district}/current.json | ^ checkRd: (-1) get_electioneering_communications_by_date.Rd:33: Lost braces; missing escapes or markup? 33 | HTTP Request: GET https://api.propublica.org/campaign-finance/v1/{cycle}/electioneering_communications/{year}/{month}/{day} | ^ checkRd: (-1) get_electioneering_communications_by_date.Rd:33: Lost braces; missing escapes or markup? 33 | HTTP Request: GET https://api.propublica.org/campaign-finance/v1/{cycle}/electioneering_communications/{year}/{month}/{day} | ^ checkRd: (-1) get_electioneering_communications_by_date.Rd:33: Lost braces; missing escapes or markup? 33 | HTTP Request: GET https://api.propublica.org/campaign-finance/v1/{cycle}/electioneering_communications/{year}/{month}/{day} | ^ checkRd: (-1) get_electioneering_communications_by_date.Rd:33: Lost braces; missing escapes or markup? 33 | HTTP Request: GET https://api.propublica.org/campaign-finance/v1/{cycle}/electioneering_communications/{year}/{month}/{day} | ^ checkRd: (-1) get_electioneering_communications_committee.Rd:27: Lost braces; missing escapes or markup? 27 | HTTP Request: GET https://api.propublica.org/campaign-finance/v1/{cycle}/committees/{fec-id}/electioneering_communications | ^ checkRd: (-1) get_electioneering_communications_committee.Rd:27: Lost braces; missing escapes or markup? 27 | HTTP Request: GET https://api.propublica.org/campaign-finance/v1/{cycle}/committees/{fec-id}/electioneering_communications | ^ checkRd: (-1) get_electronic_filing_byDate.Rd:33: Lost braces; missing escapes or markup? 33 | HTTP Request: GET https://api.propublica.org/campaign-finance/v1/{cycle}/filings/{year}/{month}/{day} | ^ checkRd: (-1) get_electronic_filing_byDate.Rd:33: Lost braces; missing escapes or markup? 33 | HTTP Request: GET https://api.propublica.org/campaign-finance/v1/{cycle}/filings/{year}/{month}/{day} | ^ checkRd: (-1) get_electronic_filing_byDate.Rd:33: Lost braces; missing escapes or markup? 33 | HTTP Request: GET https://api.propublica.org/campaign-finance/v1/{cycle}/filings/{year}/{month}/{day} | ^ checkRd: (-1) get_electronic_filing_byDate.Rd:33: Lost braces; missing escapes or markup? 33 | HTTP Request: GET https://api.propublica.org/campaign-finance/v1/{cycle}/filings/{year}/{month}/{day} | ^ checkRd: (-1) get_electronic_filing_by_committees.Rd:22: Lost braces; missing escapes or markup? 22 | HTTP Request: GET https://api.propublica.org/campaign-finance/v1/{cycle}/filings/search | ^ checkRd: (-1) get_electronic_filing_by_types.Rd:22: Lost braces; missing escapes or markup? 22 | HTTP Request: GET https://api.propublica.org/campaign-finance/v1/{cycle}/filings/types/{form-type-id} | ^ checkRd: (-1) get_electronic_filing_by_types.Rd:22: Lost braces; missing escapes or markup? 22 | HTTP Request: GET https://api.propublica.org/campaign-finance/v1/{cycle}/filings/types/{form-type-id} | ^ checkRd: (-1) get_electronic_filing_form_types.Rd:20: Lost braces; missing escapes or markup? 20 | HTTP Request: GET https://api.propublica.org/campaign-finance/v1/{cycle}/filings/types | ^ checkRd: (-1) get_hearing_specific_committee.Rd:30: Lost braces; missing escapes or markup? 30 | To get a list of 20 upcoming Senate or House committee meetings, use the following function. HTTP Request: GET https://api.propublica.org/congress/v1/{congress}/{chamber}/committees/{committee-id}/hearings.json | ^ checkRd: (-1) get_hearing_specific_committee.Rd:30: Lost braces; missing escapes or markup? 30 | To get a list of 20 upcoming Senate or House committee meetings, use the following function. HTTP Request: GET https://api.propublica.org/congress/v1/{congress}/{chamber}/committees/{committee-id}/hearings.json | ^ checkRd: (-1) get_hearing_specific_committee.Rd:30: Lost braces; missing escapes or markup? 30 | To get a list of 20 upcoming Senate or House committee meetings, use the following function. HTTP Request: GET https://api.propublica.org/congress/v1/{congress}/{chamber}/committees/{committee-id}/hearings.json | ^ checkRd: (-1) get_house_senate_floor_actions_by_date.Rd:33: Lost braces; missing escapes or markup? 33 | To get the latest actions from the House or Senate floor, use the following function. HTTP Request: GET hhttps://api.propublica.org/congress/v1/{chamber}/floor_updates/{year}/{month}/{day}.json | ^ checkRd: (-1) get_house_senate_floor_actions_by_date.Rd:33: Lost braces; missing escapes or markup? 33 | To get the latest actions from the House or Senate floor, use the following function. HTTP Request: GET hhttps://api.propublica.org/congress/v1/{chamber}/floor_updates/{year}/{month}/{day}.json | ^ checkRd: (-1) get_house_senate_floor_actions_by_date.Rd:33: Lost braces; missing escapes or markup? 33 | To get the latest actions from the House or Senate floor, use the following function. HTTP Request: GET hhttps://api.propublica.org/congress/v1/{chamber}/floor_updates/{year}/{month}/{day}.json | ^ checkRd: (-1) get_house_senate_floor_actions_by_date.Rd:33: Lost braces; missing escapes or markup? 33 | To get the latest actions from the House or Senate floor, use the following function. HTTP Request: GET hhttps://api.propublica.org/congress/v1/{chamber}/floor_updates/{year}/{month}/{day}.json | ^ checkRd: (-1) get_independent_expenditure_by_committee.Rd:27: Lost braces; missing escapes or markup? 27 | #HTTP Request: GET https://api.propublica.org/campaign-finance/v1/{cycle}/committees/{fec-id}/independent_expenditures | ^ checkRd: (-1) get_independent_expenditure_by_committee.Rd:27: Lost braces; missing escapes or markup? 27 | #HTTP Request: GET https://api.propublica.org/campaign-finance/v1/{cycle}/committees/{fec-id}/independent_expenditures | ^ checkRd: (-1) get_independent_expenditure_by_date.Rd:33: Lost braces; missing escapes or markup? 33 | HTTP Request: GET https://api.propublica.org/campaign-finance/v1/{cycle}/independent_expenditures/{year}/{month}/{day} | ^ checkRd: (-1) get_independent_expenditure_by_date.Rd:33: Lost braces; missing escapes or markup? 33 | HTTP Request: GET https://api.propublica.org/campaign-finance/v1/{cycle}/independent_expenditures/{year}/{month}/{day} | ^ checkRd: (-1) get_independent_expenditure_by_date.Rd:33: Lost braces; missing escapes or markup? 33 | HTTP Request: GET https://api.propublica.org/campaign-finance/v1/{cycle}/independent_expenditures/{year}/{month}/{day} | ^ checkRd: (-1) get_independent_expenditure_by_date.Rd:33: Lost braces; missing escapes or markup? 33 | HTTP Request: GET https://api.propublica.org/campaign-finance/v1/{cycle}/independent_expenditures/{year}/{month}/{day} | ^ checkRd: (-1) get_independent_expenditure_office_totals.Rd:27: Lost braces; missing escapes or markup? 27 | HTTP Request: GET https://api.propublica.org/campaign-finance/v1/{cycle}/independent_expenditures/race_totals/{office} | ^ checkRd: (-1) get_independent_expenditure_office_totals.Rd:27: Lost braces; missing escapes or markup? 27 | HTTP Request: GET https://api.propublica.org/campaign-finance/v1/{cycle}/independent_expenditures/race_totals/{office} | ^ checkRd: (-1) get_independent_expenditure_race_totals_committee.Rd:28: Lost braces; missing escapes or markup? 28 | HTTP Request: GET https://api.propublica.org/campaign-finance/v1/{cycle}/committees/{fec-id}/independent_expenditures/races | ^ checkRd: (-1) get_independent_expenditure_race_totals_committee.Rd:28: Lost braces; missing escapes or markup? 28 | HTTP Request: GET https://api.propublica.org/campaign-finance/v1/{cycle}/committees/{fec-id}/independent_expenditures/races | ^ checkRd: (-1) get_independent_expenditure_support_candidate.Rd:27: Lost braces; missing escapes or markup? 27 | #HTTP Request: GET https://api.propublica.org/campaign-finance/v1/{cycle}/candidates/{fec-id}/independent_expenditures | ^ checkRd: (-1) get_independent_expenditure_support_candidate.Rd:27: Lost braces; missing escapes or markup? 27 | #HTTP Request: GET https://api.propublica.org/campaign-finance/v1/{cycle}/candidates/{fec-id}/independent_expenditures | ^ checkRd: (-1) get_independent_expenditure_support_presidential_candidate.Rd:25: Lost braces; missing escapes or markup? 25 | #HTTP Request: GET https://api.propublica.org/campaign-finance/v1/{cycle}/president/independent_expenditures | ^ checkRd: (-1) get_lobbyist_bundlers.Rd:22: Lost braces; missing escapes or markup? 22 | Committees must report registered lobbyists who act as “bundlers”, collecting donations for the committee from multiple contributors. HTTP Request: GET https://api.propublica.org/campaign-finance/v1/{cycle}/committees/{fec-id}/lobbyist_bundlers | ^ checkRd: (-1) get_lobbyist_bundlers.Rd:22: Lost braces; missing escapes or markup? 22 | Committees must report registered lobbyists who act as “bundlers”, collecting donations for the committee from multiple contributors. HTTP Request: GET https://api.propublica.org/campaign-finance/v1/{cycle}/committees/{fec-id}/lobbyist_bundlers | ^ checkRd: (-1) get_member_vote_position.Rd:20: Lost braces; missing escapes or markup? 20 | To get the most recent vote positions for a specific member of the House of Representatives or Senate. HTTP Request: GET https://api.propublica.org/congress/v1/members/{member-id}/votes.json | ^ checkRd: (-1) get_members_leaving.Rd:22: Lost braces; missing escapes or markup? 22 | To get a list of members who have left the Senate or House or have announced plans to do so. HTTP Request: GET https://api.propublica.org/congress/v1/{congress}/{chamber}/members/leaving.json | ^ checkRd: (-1) get_members_leaving.Rd:22: Lost braces; missing escapes or markup? 22 | To get a list of members who have left the Senate or House or have announced plans to do so. HTTP Request: GET https://api.propublica.org/congress/v1/{congress}/{chamber}/members/leaving.json | ^ checkRd: (-1) get_nominees_by_state.Rd:22: Lost braces; missing escapes or markup? 22 | To get a list of presidential civilian nominations of individuals from a specific state, use the following function. HTTP Request: GET https://api.propublica.org/congress/v1/{congress}/nominees/state/{state}.json | ^ checkRd: (-1) get_nominees_by_state.Rd:22: Lost braces; missing escapes or markup? 22 | To get a list of presidential civilian nominations of individuals from a specific state, use the following function. HTTP Request: GET https://api.propublica.org/congress/v1/{congress}/nominees/state/{state}.json | ^ checkRd: (-1) get_quarter_office_expenses_by_category_house_member.Rd:28: Lost braces; missing escapes or markup? 28 | The House of Representatives publishes quarterly reports detailing official office expenses by lawmakers. The Congress API has data beginning in the third quarter of 2009. HTTP Request: GET https://api.propublica.org/congress/v1/members/{member-id}/office_expenses/{year}/{quarter}.json | ^ checkRd: (-1) get_quarter_office_expenses_by_category_house_member.Rd:28: Lost braces; missing escapes or markup? 28 | The House of Representatives publishes quarterly reports detailing official office expenses by lawmakers. The Congress API has data beginning in the third quarter of 2009. HTTP Request: GET https://api.propublica.org/congress/v1/members/{member-id}/office_expenses/{year}/{quarter}.json | ^ checkRd: (-1) get_quarter_office_expenses_by_category_house_member.Rd:28: Lost braces; missing escapes or markup? 28 | The House of Representatives publishes quarterly reports detailing official office expenses by lawmakers. The Congress API has data beginning in the third quarter of 2009. HTTP Request: GET https://api.propublica.org/congress/v1/members/{member-id}/office_expenses/{year}/{quarter}.json | ^ checkRd: (-1) get_quarter_office_expenses_house_member.Rd:30: Lost braces; missing escapes or markup? 30 | The House of Representatives publishes quarterly reports detailing official office expenses by lawmakers. The Congress API has data beginning in the third quarter of 2009. HTTP Request: GET https://api.propublica.org/congress/v1/members/{member-id}/office_expenses/{year}/{quarter}.json | ^ checkRd: (-1) get_quarter_office_expenses_house_member.Rd:30: Lost braces; missing escapes or markup? 30 | The House of Representatives publishes quarterly reports detailing official office expenses by lawmakers. The Congress API has data beginning in the third quarter of 2009. HTTP Request: GET https://api.propublica.org/congress/v1/members/{member-id}/office_expenses/{year}/{quarter}.json | ^ checkRd: (-1) get_quarter_office_expenses_house_member.Rd:30: Lost braces; missing escapes or markup? 30 | The House of Representatives publishes quarterly reports detailing official office expenses by lawmakers. The Congress API has data beginning in the third quarter of 2009. HTTP Request: GET https://api.propublica.org/congress/v1/members/{member-id}/office_expenses/{year}/{quarter}.json | ^ checkRd: (-1) get_recent_amendments.Rd:20: Lost braces; missing escapes or markup? 20 | HTTP Request: GET https://api.propublica.org/campaign-finance/v1/{cycle}/filings/amendments | ^ checkRd: (-1) get_recent_committee_hearing.Rd:20: Lost braces; missing escapes or markup? 20 | To get a list of 20 upcoming Senate or House committee meetings, use the following function. HTTP Request: GET https://api.propublica.org/congress/v1/{congress}/committees/hearings.json | ^ checkRd: (-1) get_recent_congressional_statements_by_date.Rd:30: Lost braces; missing escapes or markup? 30 | To get lists of statements published on congressional websites on a particular date, use the following function. HTTP Request: GET https://api.propublica.org/congress/v1/statements/date/{date}.json | ^ checkRd: (-1) get_recent_congressional_statements_by_term.Rd:20: Lost braces; missing escapes or markup? 20 | To get lists of statements published on congressional websites using a search term, use the following function. HTTP Request: GET https://api.propublica.org/congress/v1/statements/search.json?query={term} | ^ checkRd: (-1) get_recent_electioneering_communications.Rd:20: Lost braces; missing escapes or markup? 20 | HTTP Request: GET https://api.propublica.org/campaign-finance/v1/{cycle}/electioneering_communications | ^ checkRd: (-1) get_recent_house_senate_floor_actions.Rd:22: Lost braces; missing escapes or markup? 22 | To get the latest actions from the House or Senate floor, use the following function. HTTP Request: GET https://api.propublica.org/congress/v1/{congress}/{chamber}/floor_updates.json | ^ checkRd: (-1) get_recent_house_senate_floor_actions.Rd:22: Lost braces; missing escapes or markup? 22 | To get the latest actions from the House or Senate floor, use the following function. HTTP Request: GET https://api.propublica.org/congress/v1/{congress}/{chamber}/floor_updates.json | ^ checkRd: (-1) get_recent_independent_expend.Rd:19: Lost braces; missing escapes or markup? 19 | HTTP Request: GET https://api.propublica.org/campaign-finance/v1/{cycle}/independent_expenditures | ^ checkRd: (-1) get_recent_late_contributions.Rd:7: Lost braces; missing escapes or markup? 7 | HTTP Request: GET https://api.propublica.org/campaign-finance/v1/{cycle}/contributions/48hour} | ^ checkRd: (-1) get_recent_late_contributions.Rd:24: Lost braces; missing escapes or markup? 24 | HTTP Request: GET https://api.propublica.org/campaign-finance/v1/{cycle}/contributions/48hour | ^ checkRd: (-1) get_recent_late_contributions_candidate.Rd:7: Lost braces; missing escapes or markup? 7 | HTTP Request: GET https://api.propublica.org/campaign-finance/v1/{cycle}/candidates/{fec-id}/48hour} | ^ checkRd: (-1) get_recent_late_contributions_candidate.Rd:7: Lost braces; missing escapes or markup? 7 | HTTP Request: GET https://api.propublica.org/campaign-finance/v1/{cycle}/candidates/{fec-id}/48hour} | ^ checkRd: (-1) get_recent_late_contributions_candidate.Rd:31: Lost braces; missing escapes or markup? 31 | HTTP Request: GET https://api.propublica.org/campaign-finance/v1/{cycle}/candidates/{fec-id}/48hour | ^ checkRd: (-1) get_recent_late_contributions_candidate.Rd:31: Lost braces; missing escapes or markup? 31 | HTTP Request: GET https://api.propublica.org/campaign-finance/v1/{cycle}/candidates/{fec-id}/48hour | ^ checkRd: (-1) get_recent_late_contributions_committee.Rd:7: Lost braces; missing escapes or markup? 7 | HTTP Request: GET https://api.propublica.org/campaign-finance/v1/{cycle}/committees/{fec-id}/48hour} | ^ checkRd: (-1) get_recent_late_contributions_committee.Rd:7: Lost braces; missing escapes or markup? 7 | HTTP Request: GET https://api.propublica.org/campaign-finance/v1/{cycle}/committees/{fec-id}/48hour} | ^ checkRd: (-1) get_recent_late_contributions_committee.Rd:31: Lost braces; missing escapes or markup? 31 | HTTP Request: GET https://api.propublica.org/campaign-finance/v1/{cycle}/committees/{fec-id}/48hour | ^ checkRd: (-1) get_recent_late_contributions_committee.Rd:31: Lost braces; missing escapes or markup? 31 | HTTP Request: GET https://api.propublica.org/campaign-finance/v1/{cycle}/committees/{fec-id}/48hour | ^ checkRd: (-1) get_recent_late_contributions_date.Rd:33: Lost braces; missing escapes or markup? 33 | HTTP Request: GET https://api.propublica.org/campaign-finance/v1/{cycle}/contributions/48hour/{year}/{month}/{day} | ^ checkRd: (-1) get_recent_late_contributions_date.Rd:33: Lost braces; missing escapes or markup? 33 | HTTP Request: GET https://api.propublica.org/campaign-finance/v1/{cycle}/contributions/48hour/{year}/{month}/{day} | ^ checkRd: (-1) get_recent_late_contributions_date.Rd:33: Lost braces; missing escapes or markup? 33 | HTTP Request: GET https://api.propublica.org/campaign-finance/v1/{cycle}/contributions/48hour/{year}/{month}/{day} | ^ checkRd: (-1) get_recent_late_contributions_date.Rd:33: Lost braces; missing escapes or markup? 33 | HTTP Request: GET https://api.propublica.org/campaign-finance/v1/{cycle}/contributions/48hour/{year}/{month}/{day} | ^ checkRd: (-1) get_recent_nominations_by_category.Rd:22: Lost braces; missing escapes or markup? 22 | To get lists of presidential nominations for civilian positions,, use the following function. HTTP Request: GET https://api.propublica.org/congress/v1/{congress}/nominees/{type}.json | ^ checkRd: (-1) get_recent_nominations_by_category.Rd:22: Lost braces; missing escapes or markup? 22 | To get lists of presidential nominations for civilian positions,, use the following function. HTTP Request: GET https://api.propublica.org/congress/v1/{congress}/nominees/{type}.json | ^ checkRd: (-1) get_recent_official_communications.Rd:20: Lost braces; missing escapes or markup? 20 | To get lists of official communications to Congress from the president, executive branch agencies and state legislatures to congressional committees, use the following function. HTTP Request: GET https://api.propublica.org/congress/v1/{congress}/communications.json | ^ checkRd: (-1) get_recent_official_communications_by_chamber.Rd:27: Lost braces; missing escapes or markup? 27 | To get lists of official communications to Congress for a specific chamber, use the following function. HTTP Request: GET https://api.propublica.org/congress/v1/{congress}/{chamber}/committees/{committee-id}/subcommittees/{subcommittee-id}.json | ^ checkRd: (-1) get_recent_official_communications_by_chamber.Rd:27: Lost braces; missing escapes or markup? 27 | To get lists of official communications to Congress for a specific chamber, use the following function. HTTP Request: GET https://api.propublica.org/congress/v1/{congress}/{chamber}/committees/{committee-id}/subcommittees/{subcommittee-id}.json | ^ checkRd: (-1) get_recent_official_communications_by_chamber.Rd:27: Lost braces; missing escapes or markup? 27 | To get lists of official communications to Congress for a specific chamber, use the following function. HTTP Request: GET https://api.propublica.org/congress/v1/{congress}/{chamber}/committees/{committee-id}/subcommittees/{subcommittee-id}.json | ^ checkRd: (-1) get_recent_official_communications_by_chamber.Rd:27: Lost braces; missing escapes or markup? 27 | To get lists of official communications to Congress for a specific chamber, use the following function. HTTP Request: GET https://api.propublica.org/congress/v1/{congress}/{chamber}/committees/{committee-id}/subcommittees/{subcommittee-id}.json | ^ checkRd: (-1) get_recent_official_communications_by_date.Rd:30: Lost braces; missing escapes or markup? 30 | o get lists of official communications to Congress on a specific date, use the following function. HTTP Request: GET https://api.propublica.org/congress/v1/{congress}/communications/category/{category}.json | ^ checkRd: (-1) get_recent_official_communications_by_date.Rd:30: Lost braces; missing escapes or markup? 30 | o get lists of official communications to Congress on a specific date, use the following function. HTTP Request: GET https://api.propublica.org/congress/v1/{congress}/communications/category/{category}.json | ^ checkRd: (-1) get_recent_personal_explanations.Rd:20: Lost braces; missing escapes or markup? 20 | Lawmakers, mostly in the House but also in the Senate, can make personal explanations for missed or mistaken votes in the Congressional Record. These explanations can refer to a single vote or to multiple votes. To get lists of personal explanations, use the following URI structure. HTTP Request: GET https://api.propublica.org/congress/v1/{congress}/explanations.json | ^ checkRd: (-1) get_recent_personal_explanations_specific_member.Rd:28: Lost braces; missing escapes or markup? 28 | Lawmakers, mostly in the House but also in the Senate, can make personal explanations for missed or mistaken votes in the Congressional Record. HTTP Request: GET https://api.propublica.org/congress/v1/members/{member_id}/explanations/{congress}.json | ^ checkRd: (-1) get_recent_personal_explanations_specific_member.Rd:28: Lost braces; missing escapes or markup? 28 | Lawmakers, mostly in the House but also in the Senate, can make personal explanations for missed or mistaken votes in the Congressional Record. HTTP Request: GET https://api.propublica.org/congress/v1/members/{member_id}/explanations/{congress}.json | ^ checkRd: (-1) get_recent_personal_explanations_votes.Rd:20: Lost braces; missing escapes or markup? 20 | Lawmakers, mostly in the House but also in the Senate, can make personal explanations for missed or mistaken votes in the Congressional Record. Unlike the “Recent Personal Explanations” response, this response contains explanations parsed to individual votes and have an additional category attribute describing the general reason for the absence or incorrect vote. To get lists of recent personal explanation votes, use the following URI structure. HTTP Request: GET https://api.propublica.org/congress/v1/{congress}/explanations/votes.json | ^ checkRd: (-1) get_recent_personal_explanations_votes_by_category.Rd:28: Lost braces; missing escapes or markup? 28 | Lawmakers, mostly in the House but also in the Senate, can make personal explanations for missed or mistaken votes in the Congressional Record. Unlike the “Recent Personal Explanations” response, this response contains explanations parsed to individual votes and have an additional category attribute describing the general reason for the absence or incorrect vote. HTTP Request: GET https://api.propublica.org/congress/v1/{congress}/explanations/votes/{category}.json | ^ checkRd: (-1) get_recent_personal_explanations_votes_by_category.Rd:28: Lost braces; missing escapes or markup? 28 | Lawmakers, mostly in the House but also in the Senate, can make personal explanations for missed or mistaken votes in the Congressional Record. Unlike the “Recent Personal Explanations” response, this response contains explanations parsed to individual votes and have an additional category attribute describing the general reason for the absence or incorrect vote. HTTP Request: GET https://api.propublica.org/congress/v1/{congress}/explanations/votes/{category}.json | ^ checkRd: (-1) get_recent_personal_explanations_votes_specific_member.Rd:28: Lost braces; missing escapes or markup? 28 | Lawmakers, mostly in the House but also in the Senate, can make personal explanations for missed or mistaken votes in the Congressional Record. To get recent personal explanations by a specific member that are parsed to individual votes and have an additional category attribute describing the general reason for the absence or incorrect vote, use the following function. HTTP Request: GET https://api.propublica.org/congress/v1/members/{member_id}/explanations/{congress}/votes.json | ^ checkRd: (-1) get_recent_personal_explanations_votes_specific_member.Rd:28: Lost braces; missing escapes or markup? 28 | Lawmakers, mostly in the House but also in the Senate, can make personal explanations for missed or mistaken votes in the Congressional Record. To get recent personal explanations by a specific member that are parsed to individual votes and have an additional category attribute describing the general reason for the absence or incorrect vote, use the following function. HTTP Request: GET https://api.propublica.org/congress/v1/members/{member_id}/explanations/{congress}/votes.json | ^ checkRd: (-1) get_recent_personal_explanations_votes_specific_member_by_category.Rd:31: Lost braces; missing escapes or markup? 31 | Lawmakers, mostly in the House but also in the Senate, can make personal explanations for missed or mistaken votes in the Congressional Record. To get recent personal explanations by a specific member that are parsed to individual votes and have an additional category attribute describing the general reason for the absence or incorrect vote, use the following function. HTTP Request: GET https://api.propublica.org/congress/v1/members/{member_id}/explanations/{congress}/votes.json | ^ checkRd: (-1) get_recent_personal_explanations_votes_specific_member_by_category.Rd:31: Lost braces; missing escapes or markup? 31 | Lawmakers, mostly in the House but also in the Senate, can make personal explanations for missed or mistaken votes in the Congressional Record. To get recent personal explanations by a specific member that are parsed to individual votes and have an additional category attribute describing the general reason for the absence or incorrect vote, use the following function. HTTP Request: GET https://api.propublica.org/congress/v1/members/{member_id}/explanations/{congress}/votes.json | ^ checkRd: (-1) get_recent_votes.Rd:20: Lost braces; missing escapes or markup? 20 | You can get recent votes from the House, Senate or both chambers using this request. This request returns the 20 most recent results, sorted by date and roll call number, and you can paginate through votes using the offset querystring parameter that accepts multiples of 20. HTTP Request: GET https://api.propublica.org/congress/v1/{chamber}/votes/recent.json | ^ checkRd: (-1) get_recently_added_independent_expenditure_committees.Rd:25: Lost braces; missing escapes or markup? 25 | HTTP Request: GET https://api.propublica.org/campaign-finance/v1/{cycle}/committees/superpacs | ^ checkRd: (-1) get_recently_candidates.Rd:7: Lost braces; missing escapes or markup? 7 | HTTP Request: GET https://api.propublica.org/campaign-finance/v1/{cycle}/candidates/new (https://www.propublica.org/datastore/apis)} | ^ checkRd: (-1) get_recently_candidates.Rd:24: Lost braces; missing escapes or markup? 24 | HTTP Request: GET https://api.propublica.org/campaign-finance/v1/{cycle}/candidates/new (https://www.propublica.org/datastore/apis) | ^ checkRd: (-1) get_recently_committees.Rd:20: Lost braces; missing escapes or markup? 20 | HTTP Request: GET https://api.propublica.org/campaign-finance/v1/{cycle}/committees/new | ^ checkRd: (-1) get_related_bills.Rd:22: Lost braces; missing escapes or markup? 22 | HTTP Request: GET hhttps://api.propublica.org/congress/v1/{congress}/bills/{bill-id}/related.json. Use this request type to get Library of Congress-identified related bills for a particular bill. | ^ checkRd: (-1) get_related_bills.Rd:22: Lost braces; missing escapes or markup? 22 | HTTP Request: GET hhttps://api.propublica.org/congress/v1/{congress}/bills/{bill-id}/related.json. Use this request type to get Library of Congress-identified related bills for a particular bill. | ^ checkRd: (-1) get_senate_nomination_votes.Rd:20: Lost braces; missing escapes or markup? 20 | To get Senate votes on presidential nominations. HTTP Request: GET https://api.propublica.org/congress/v1/{congress}/nominations.json | ^ checkRd: (-1) get_specific_bill.Rd:22: Lost braces; missing escapes or markup? 22 | The attributes house_passage_vote and senate_passage_vote are populated (with the date of passage) only upon successful passage of the bill. Bills before the 113th Congress (prior to 2013) have fewer attribute values than those from the 113th Congress onward, because the more recent bill data comes from the bulk data provided by the Government Publishing Office. Details for the older bills came from scraping Thomas.gov, the former congressional site of the Library of Congress. HTTP Request: GET https://api.propublica.org/congress/v1/{congress}/bills/{bill-id}.json | ^ checkRd: (-1) get_specific_bill.Rd:22: Lost braces; missing escapes or markup? 22 | The attributes house_passage_vote and senate_passage_vote are populated (with the date of passage) only upon successful passage of the bill. Bills before the 113th Congress (prior to 2013) have fewer attribute values than those from the 113th Congress onward, because the more recent bill data comes from the bulk data provided by the Government Publishing Office. Details for the older bills came from scraping Thomas.gov, the former congressional site of the Library of Congress. HTTP Request: GET https://api.propublica.org/congress/v1/{congress}/bills/{bill-id}.json | ^ checkRd: (-1) get_specific_committee.Rd:24: Lost braces; missing escapes or markup? 24 | To get information about a single Senate or House committee, including the members of that committee, use the following function. The committee ids can be found in the committee list responses. HTTP Request: GET https://api.propublica.org/congress/v1/{congress}/{chamber}/committees/{committee-id}.json | ^ checkRd: (-1) get_specific_committee.Rd:24: Lost braces; missing escapes or markup? 24 | To get information about a single Senate or House committee, including the members of that committee, use the following function. The committee ids can be found in the committee list responses. HTTP Request: GET https://api.propublica.org/congress/v1/{congress}/{chamber}/committees/{committee-id}.json | ^ checkRd: (-1) get_specific_committee.Rd:24: Lost braces; missing escapes or markup? 24 | To get information about a single Senate or House committee, including the members of that committee, use the following function. The committee ids can be found in the committee list responses. HTTP Request: GET https://api.propublica.org/congress/v1/{congress}/{chamber}/committees/{committee-id}.json | ^ checkRd: (-1) get_specific_lobbying_representation_filings.Rd:20: Lost braces; missing escapes or markup? 20 | To get a specific lobbying representation filing, use the following function. HTTP Request: GET https://api.propublica.org/congress/v1/lobbying/{id}.json | ^ checkRd: (-1) get_specific_nominations.Rd:22: Lost braces; missing escapes or markup? 22 | To get details about a particular presidential civilian nomination,, use the following function. HTTP Request: GET https://api.propublica.org/congress/v1/{congress}/nominees/{nominee-id}.json | ^ checkRd: (-1) get_specific_nominations.Rd:22: Lost braces; missing escapes or markup? 22 | To get details about a particular presidential civilian nomination,, use the following function. HTTP Request: GET https://api.propublica.org/congress/v1/{congress}/nominees/{nominee-id}.json | ^ checkRd: (-1) get_specific_roll_call_vote.Rd:35: Lost braces; missing escapes or markup? 35 | To get a specific roll-call vote, including a complete list of member positions. HTTP Request: GET https://api.propublica.org/congress/v1/{congress}/{chamber}/sessions/{session-number}/votes/{roll-call-number}.json | ^ checkRd: (-1) get_specific_roll_call_vote.Rd:35: Lost braces; missing escapes or markup? 35 | To get a specific roll-call vote, including a complete list of member positions. HTTP Request: GET https://api.propublica.org/congress/v1/{congress}/{chamber}/sessions/{session-number}/votes/{roll-call-number}.json | ^ checkRd: (-1) get_specific_roll_call_vote.Rd:35: Lost braces; missing escapes or markup? 35 | To get a specific roll-call vote, including a complete list of member positions. HTTP Request: GET https://api.propublica.org/congress/v1/{congress}/{chamber}/sessions/{session-number}/votes/{roll-call-number}.json | ^ checkRd: (-1) get_specific_roll_call_vote.Rd:35: Lost braces; missing escapes or markup? 35 | To get a specific roll-call vote, including a complete list of member positions. HTTP Request: GET https://api.propublica.org/congress/v1/{congress}/{chamber}/sessions/{session-number}/votes/{roll-call-number}.json | ^ checkRd: (-1) get_specific_subcommittee.Rd:33: Lost braces; missing escapes or markup? 33 | To get information about a single Senate or House subcommittee, including the members of that subcommittee, use the following function. HTTP Request: GET https://api.propublica.org/congress/v1/{congress}/{chamber}/committees/{committee-id}/subcommittees/{subcommittee-id}.json | ^ checkRd: (-1) get_specific_subcommittee.Rd:33: Lost braces; missing escapes or markup? 33 | To get information about a single Senate or House subcommittee, including the members of that subcommittee, use the following function. HTTP Request: GET https://api.propublica.org/congress/v1/{congress}/{chamber}/committees/{committee-id}/subcommittees/{subcommittee-id}.json | ^ checkRd: (-1) get_specific_subcommittee.Rd:33: Lost braces; missing escapes or markup? 33 | To get information about a single Senate or House subcommittee, including the members of that subcommittee, use the following function. HTTP Request: GET https://api.propublica.org/congress/v1/{congress}/{chamber}/committees/{committee-id}/subcommittees/{subcommittee-id}.json | ^ checkRd: (-1) get_specific_subcommittee.Rd:33: Lost braces; missing escapes or markup? 33 | To get information about a single Senate or House subcommittee, including the members of that subcommittee, use the following function. HTTP Request: GET https://api.propublica.org/congress/v1/{congress}/{chamber}/committees/{committee-id}/subcommittees/{subcommittee-id}.json | ^ checkRd: (-1) get_subjects_for_bill.Rd:22: Lost braces; missing escapes or markup? 22 | HTTP Request: GET https://api.propublica.org/congress/v1/{congress}/bills/{bill-id}/subjects.json. Use this request type to get Library of Congress-assigned subjects about a particular bill. | ^ checkRd: (-1) get_subjects_for_bill.Rd:22: Lost braces; missing escapes or markup? 22 | HTTP Request: GET https://api.propublica.org/congress/v1/{congress}/bills/{bill-id}/subjects.json. Use this request type to get Library of Congress-assigned subjects about a particular bill. | ^ checkRd: (-1) get_top20_candidate_of_FinancialCategory.Rd:28: Lost braces; missing escapes or markup? 28 | HTTP Request: GET https://api.propublica.org/campaign-finance/v1/{cycle}/candidates/leaders/{category} | ^ checkRd: (-1) get_top20_candidate_of_FinancialCategory.Rd:28: Lost braces; missing escapes or markup? 28 | HTTP Request: GET https://api.propublica.org/campaign-finance/v1/{cycle}/candidates/leaders/{category} | ^ checkRd: (-1) get_upcoming_bills.Rd:20: Lost braces; missing escapes or markup? 20 | The responses include a legislative_day attribute which is the earliest the bills could be considered and a range attribute that indicates whether the bill information comes from a weekly schedule or a daily one. Combine the two for the best sense of when a bill might come up for consideration. For Senate bills, the response includes a context attribute reproducing the sentence that includes mention of the bill. These responses omit bills that have not yet been assigned a bill number or introduced, and additional bills may be considered at any time. HTTP Request: GET https://api.propublica.org/congress/v1/bills/upcoming/{chamber}.json | ^ checkRd: (-1) get_votes_by_date.Rd:31: Lost braces; missing escapes or markup? 31 | HTTP Requests: GET https://api.propublica.org/congress/v1/{chamber}/votes/{year}/{month}.json | ^ checkRd: (-1) get_votes_by_date.Rd:31: Lost braces; missing escapes or markup? 31 | HTTP Requests: GET https://api.propublica.org/congress/v1/{chamber}/votes/{year}/{month}.json | ^ checkRd: (-1) get_votes_by_date.Rd:31: Lost braces; missing escapes or markup? 31 | HTTP Requests: GET https://api.propublica.org/congress/v1/{chamber}/votes/{year}/{month}.json | ^ checkRd: (-1) get_votes_by_date_range.Rd:31: Lost braces; missing escapes or markup? 31 | HTTP Requests: GET https://api.propublica.org/congress/v1/{chamber}/votes/{start-date}/{end-date}.json | ^ checkRd: (-1) get_votes_by_date_range.Rd:31: Lost braces; missing escapes or markup? 31 | HTTP Requests: GET https://api.propublica.org/congress/v1/{chamber}/votes/{start-date}/{end-date}.json | ^ checkRd: (-1) get_votes_by_date_range.Rd:31: Lost braces; missing escapes or markup? 31 | HTTP Requests: GET https://api.propublica.org/congress/v1/{chamber}/votes/{start-date}/{end-date}.json | ^ checkRd: (-1) get_votes_by_type.Rd:31: Lost braces; missing escapes or markup? 31 | You can get vote information in four categories: missed votes, party votes, lone no votes and perfect votes. Missed votes provides information about the voting attendance of each member of a specific chamber and congress. Party votes provides information about how often each member of a specific chamber and congress votes with a majority of his or her party. Lone no votes provides information lists members in a specific chamber and congress who were the only members to vote No on a roll call vote, and how often that happened. Perfect votes lists members in a specific chamber and congress who voted Yes or No on every vote for which he or she was eligible. HTTP Request: GET https://api.propublica.org/congress/v1/{congress}/{chamber}/votes/{vote-type}.json | ^ checkRd: (-1) get_votes_by_type.Rd:31: Lost braces; missing escapes or markup? 31 | You can get vote information in four categories: missed votes, party votes, lone no votes and perfect votes. Missed votes provides information about the voting attendance of each member of a specific chamber and congress. Party votes provides information about how often each member of a specific chamber and congress votes with a majority of his or her party. Lone no votes provides information lists members in a specific chamber and congress who were the only members to vote No on a roll call vote, and how often that happened. Perfect votes lists members in a specific chamber and congress who voted Yes or No on every vote for which he or she was eligible. HTTP Request: GET https://api.propublica.org/congress/v1/{congress}/{chamber}/votes/{vote-type}.json | ^ checkRd: (-1) get_votes_by_type.Rd:31: Lost braces; missing escapes or markup? 31 | You can get vote information in four categories: missed votes, party votes, lone no votes and perfect votes. Missed votes provides information about the voting attendance of each member of a specific chamber and congress. Party votes provides information about how often each member of a specific chamber and congress votes with a majority of his or her party. Lone no votes provides information lists members in a specific chamber and congress who were the only members to vote No on a roll call vote, and how often that happened. Perfect votes lists members in a specific chamber and congress who voted Yes or No on every vote for which he or she was eligible. HTTP Request: GET https://api.propublica.org/congress/v1/{congress}/{chamber}/votes/{vote-type}.json | ^ checkRd: (-1) list_members_chamber_congress.Rd:22: Lost braces; missing escapes or markup? 22 | The results include all members who have served in that congress and chamber, including members who are no longer in office. HTTP Request: GET https://api.propublica.org/congress/v1/{congress}/{chamber}/members.json | ^ checkRd: (-1) list_members_chamber_congress.Rd:22: Lost braces; missing escapes or markup? 22 | The results include all members who have served in that congress and chamber, including members who are no longer in office. HTTP Request: GET https://api.propublica.org/congress/v1/{congress}/{chamber}/members.json | ^ checkRd: (-1) lists_of_committees.Rd:22: Lost braces; missing escapes or markup? 22 | To get a list of Senate, House or joint committees, including their subcommittees, use the following function. HTTP Request: GET https://api.propublica.org/congress/v1/{congress}/{chamber}/committees.json | ^ checkRd: (-1) lists_of_committees.Rd:22: Lost braces; missing escapes or markup? 22 | To get a list of Senate, House or joint committees, including their subcommittees, use the following function. HTTP Request: GET https://api.propublica.org/congress/v1/{congress}/{chamber}/committees.json | ^ checkRd: (-1) recent_bills_by_member.Rd:23: Lost braces; missing escapes or markup? 23 | Results can include more than one Congress. HTTP Request: GET https://api.propublica.org/congress/v1/members/{member-id}/bills/{type}.json | ^ checkRd: (-1) recent_bills_by_member.Rd:23: Lost braces; missing escapes or markup? 23 | Results can include more than one Congress. HTTP Request: GET https://api.propublica.org/congress/v1/members/{member-id}/bills/{type}.json | ^ checkRd: (-1) recent_bills_by_subject.Rd:20: Lost braces; missing escapes or markup? 20 | Use this request type to get the 20 most recently updated bills for a specific legislative subject. Results can include more than one Congress. HTTP Request: GET https://api.propublica.org/congress/v1/bills/subjects/{subject}.json | ^ Flavors: r-devel-linux-x86_64-debian-clang, r-devel-linux-x86_64-debian-gcc, r-devel-linux-x86_64-fedora-clang, r-devel-windows-x86_64, r-patched-linux-x86_64, r-release-linux-x86_64, r-release-macos-arm64, r-release-macos-x86_64, r-release-windows-x86_64