CRAN Package Check Results for Package PlackettLuce

Last updated on 2024-07-14 10:56:09 CEST.

Flavor Version Tinstall Tcheck Ttotal Status Flags
r-devel-linux-x86_64-debian-clang 0.4.3 22.67 448.62 471.29 NOTE
r-devel-linux-x86_64-debian-gcc 0.4.3 16.33 305.96 322.29 NOTE
r-devel-linux-x86_64-fedora-clang 0.4.3 581.45 NOTE
r-devel-linux-x86_64-fedora-gcc 0.4.3 590.52 NOTE
r-devel-windows-x86_64 0.4.3 19.00 288.00 307.00 NOTE
r-patched-linux-x86_64 0.4.3 23.25 422.42 445.67 NOTE
r-release-linux-x86_64 0.4.3 18.16 427.83 445.99 NOTE
r-release-macos-arm64 0.4.3 129.00 NOTE
r-release-macos-x86_64 0.4.3 210.00 NOTE
r-release-windows-x86_64 0.4.3 19.00 285.00 304.00 NOTE
r-oldrel-macos-arm64 0.4.3 126.00 OK
r-oldrel-macos-x86_64 0.4.3 432.00 OK
r-oldrel-windows-x86_64 0.4.3 25.00 378.00 403.00 OK

Additional issues

noSuggests

Check Details

Version: 0.4.3
Check: Rd files
Result: NOTE checkRd: (-1) adjacency.Rd:27: Lost braces; missing escapes or markup? 27 | item j. For example, in the ranking \\{1\\} > \\{3, 4\\} > \\{2\\}, | ^ checkRd: (-1) adjacency.Rd:27: Lost braces; missing escapes or markup? 27 | item j. For example, in the ranking \\{1\\} > \\{3, 4\\} > \\{2\\}, | ^ checkRd: (-1) adjacency.Rd:27: Lost braces; missing escapes or markup? 27 | item j. For example, in the ranking \\{1\\} > \\{3, 4\\} > \\{2\\}, | ^ checkRd: (-1) rankings.Rd:127: Lost braces; missing escapes or markup? 127 | rank skipped. For example {1, 0, 2, 1}, ranks the first and fourth items in | ^ Flavors: r-devel-linux-x86_64-debian-clang, r-devel-linux-x86_64-debian-gcc, r-devel-linux-x86_64-fedora-clang, r-devel-linux-x86_64-fedora-gcc, r-devel-windows-x86_64, r-patched-linux-x86_64, r-release-linux-x86_64, r-release-macos-arm64, r-release-macos-x86_64, r-release-windows-x86_64

Version: 0.4.3
Check: Rd cross-references
Result: NOTE Found the following Rd file(s) with Rd \link{} targets missing package anchors: pltree.Rd: mob qvcalc.PlackettLuce.Rd: worstErrors, plot.qv Please provide package anchors for all Rd \link{} targets not in the package itself and the base packages. Flavor: r-devel-windows-x86_64