Last updated on 2023-02-06 02:52:45 CET.
Flavor | Version | Tinstall | Tcheck | Ttotal | Status | Flags |
---|---|---|---|---|---|---|
r-devel-linux-x86_64-debian-clang | 0.3.4 | 32.06 | 283.98 | 316.04 | NOTE | |
r-devel-linux-x86_64-debian-gcc | 0.3.4 | 25.05 | 203.10 | 228.15 | NOTE | |
r-devel-linux-x86_64-fedora-clang | 0.3.4 | 412.66 | NOTE | |||
r-devel-linux-x86_64-fedora-gcc | 0.3.4 | 383.49 | NOTE | |||
r-devel-windows-x86_64 | 0.3.4 | 788.00 | 381.00 | 1169.00 | NOTE | |
r-patched-linux-x86_64 | 0.3.4 | 30.35 | 258.40 | 288.75 | OK | |
r-release-linux-x86_64 | 0.3.4 | 23.52 | 249.66 | 273.18 | OK | |
r-release-macos-arm64 | 0.3.4 | 108.00 | NOTE | |||
r-release-macos-x86_64 | 0.3.4 | 158.00 | NOTE | |||
r-release-windows-x86_64 | 0.3.4 | 669.00 | 377.00 | 1046.00 | NOTE | |
r-oldrel-macos-arm64 | 0.3.4 | 142.00 | NOTE | |||
r-oldrel-macos-x86_64 | 0.3.4 | 125.00 | NOTE | |||
r-oldrel-windows-ix86+x86_64 | 0.3.4 | 75.00 | 443.00 | 518.00 | NOTE |
Version: 0.3.4
Check: C++ specification
Result: NOTE
Specified C++11: please update to current default of C++17
Flavors: r-devel-linux-x86_64-debian-clang, r-devel-linux-x86_64-debian-gcc, r-devel-linux-x86_64-fedora-clang, r-devel-linux-x86_64-fedora-gcc, r-devel-windows-x86_64
Version: 0.3.4
Check: installed package size
Result: NOTE
installed size is 5.2Mb
sub-directories of 1Mb or more:
doc 1.5Mb
extdata 3.2Mb
Flavors: r-devel-linux-x86_64-fedora-clang, r-devel-windows-x86_64, r-release-macos-arm64, r-release-macos-x86_64, r-release-windows-x86_64, r-oldrel-macos-arm64, r-oldrel-macos-x86_64, r-oldrel-windows-ix86+x86_64