Last updated on 2023-02-06 02:52:45 CET.
Flavor | Version | Tinstall | Tcheck | Ttotal | Status | Flags |
---|---|---|---|---|---|---|
r-devel-linux-x86_64-debian-clang | 1.0.8 | 12.07 | 88.82 | 100.89 | OK | |
r-devel-linux-x86_64-debian-gcc | 1.0.8 | 8.98 | 67.46 | 76.44 | OK | |
r-devel-linux-x86_64-fedora-clang | 1.0.8 | 131.66 | OK | |||
r-devel-linux-x86_64-fedora-gcc | 1.0.8 | 120.91 | OK | |||
r-devel-windows-x86_64 | 1.0.8 | 18.00 | 116.00 | 134.00 | OK | |
r-patched-linux-x86_64 | 1.0.8 | 9.42 | 86.37 | 95.79 | OK | |
r-release-linux-x86_64 | 1.0.8 | 9.64 | 85.64 | 95.28 | OK | |
r-release-macos-arm64 | 1.0.8 | 5.00 | ERROR | |||
r-release-macos-x86_64 | 1.0.8 | 59.00 | OK | |||
r-release-windows-x86_64 | 1.0.8 | 15.00 | 119.00 | 134.00 | OK | |
r-oldrel-macos-arm64 | 1.0.8 | 9.00 | ERROR | |||
r-oldrel-macos-x86_64 | 1.0.8 | 68.00 | OK | |||
r-oldrel-windows-ix86+x86_64 | 1.0.8 | 23.00 | 107.00 | 130.00 | OK |
Version: 1.0.8
Check: package dependencies
Result: ERROR
Package required but not available: ‘LBE’
See section ‘The DESCRIPTION file’ in the ‘Writing R Extensions’
manual.
Flavors: r-release-macos-arm64, r-oldrel-macos-arm64