CRAN Package Check Results for Package PSSMCOOL

Last updated on 2024-06-14 02:54:13 CEST.

Flavor Version Tinstall Tcheck Ttotal Status Flags
r-devel-linux-x86_64-debian-clang 0.2.4 7.03 83.60 90.63 OK
r-devel-linux-x86_64-debian-gcc 0.2.4 4.33 52.74 57.07 ERROR
r-devel-linux-x86_64-fedora-clang 0.2.4 116.87 NOTE
r-devel-linux-x86_64-fedora-gcc 0.2.4 122.85 OK
r-devel-windows-x86_64 0.2.4 6.00 91.00 97.00 OK
r-patched-linux-x86_64 0.2.4 6.49 77.37 83.86 OK
r-release-linux-x86_64 0.2.4 6.05 77.16 83.21 OK
r-release-macos-arm64 0.2.4 44.00 OK
r-release-macos-x86_64 0.2.4 97.00 OK
r-release-windows-x86_64 0.2.4 7.00 90.00 97.00 OK
r-oldrel-macos-arm64 0.2.4 39.00 OK
r-oldrel-macos-x86_64 0.2.4 63.00 OK
r-oldrel-windows-x86_64 0.2.4 6.00 99.00 105.00 OK

Check Details

Version: 0.2.4
Check: package dependencies
Result: NOTE Package suggested but not available for checking: ‘testthat’ Flavor: r-devel-linux-x86_64-debian-gcc

Version: 0.2.4
Check: tests
Result: ERROR Running ‘spelling.R’ [0s/1s] Running ‘testthat.R’ [0s/0s] Running the tests in ‘tests/testthat.R’ failed. Complete output: > library(testthat) Error in library(testthat) : there is no package called 'testthat' Execution halted Flavor: r-devel-linux-x86_64-debian-gcc

Version: 0.2.4
Check: Rd cross-references
Result: NOTE Undeclared package ‘entropy’ in Rd xrefs Flavor: r-devel-linux-x86_64-fedora-clang