Last updated on 2023-02-05 11:10:42 CET.
Flavor | Version | Tinstall | Tcheck | Ttotal | Status | Flags |
---|---|---|---|---|---|---|
r-devel-linux-x86_64-debian-clang | 0.1.5 | 3.84 | 58.95 | 62.79 | OK | |
r-devel-linux-x86_64-debian-gcc | 0.1.5 | 3.15 | 44.61 | 47.76 | OK | |
r-devel-linux-x86_64-fedora-clang | 0.1.5 | 76.24 | NOTE | |||
r-devel-linux-x86_64-fedora-gcc | 0.1.5 | 74.68 | NOTE | |||
r-devel-windows-x86_64 | 0.1.5 | 25.00 | 107.00 | 132.00 | OK | |
r-patched-linux-x86_64 | 0.1.5 | 4.06 | 56.43 | 60.49 | OK | |
r-release-linux-x86_64 | 0.1.5 | 4.01 | 54.34 | 58.35 | OK | |
r-release-macos-arm64 | 0.1.5 | 27.00 | NOTE | |||
r-release-macos-x86_64 | 0.1.5 | 34.00 | NOTE | |||
r-release-windows-x86_64 | 0.1.5 | 22.00 | 98.00 | 120.00 | OK | |
r-oldrel-macos-arm64 | 0.1.5 | 30.00 | NOTE | |||
r-oldrel-macos-x86_64 | 0.1.5 | 36.00 | NOTE | |||
r-oldrel-windows-ix86+x86_64 | 0.1.5 | 7.00 | 94.00 | 101.00 | OK |
Version: 0.1.5
Check: dependencies in R code
Result: NOTE
Namespace in Imports field not imported from: ‘base’
All declared Imports should be used.
Flavors: r-devel-linux-x86_64-fedora-clang, r-devel-linux-x86_64-fedora-gcc, r-release-macos-arm64, r-release-macos-x86_64, r-oldrel-macos-arm64, r-oldrel-macos-x86_64