Last updated on 2023-01-29 18:53:15 CET.
Flavor | Version | Tinstall | Tcheck | Ttotal | Status | Flags |
---|---|---|---|---|---|---|
r-devel-linux-x86_64-debian-clang | 1.2.4 | 60.74 | 116.75 | 177.49 | OK | |
r-devel-linux-x86_64-debian-gcc | 1.2.4 | 48.24 | 85.07 | 133.31 | NOTE | |
r-devel-linux-x86_64-fedora-clang | 1.2.4 | 252.63 | OK | |||
r-devel-linux-x86_64-fedora-gcc | 1.2.4 | 224.10 | NOTE | |||
r-devel-windows-x86_64 | 1.2.4 | 89.00 | 166.00 | 255.00 | NOTE | |
r-patched-linux-x86_64 | 1.2.4 | 50.16 | 108.49 | 158.65 | OK | |
r-release-linux-x86_64 | 1.2.4 | 47.92 | 104.05 | 151.97 | OK | |
r-release-macos-arm64 | 1.2.4 | 60.00 | OK | |||
r-release-macos-x86_64 | 1.2.4 | 90.00 | OK | |||
r-release-windows-x86_64 | 1.2.4 | 82.00 | 155.00 | 237.00 | OK | |
r-oldrel-macos-arm64 | 1.2.4 | 84.00 | OK | |||
r-oldrel-macos-x86_64 | 1.2.4 | 85.00 | OK | |||
r-oldrel-windows-ix86+x86_64 | 1.2.4 | 148.00 | 185.00 | 333.00 | OK |
Version: 1.2.4
Check: C++ specification
Result: NOTE
Specified C++11: please update to current default of C++17
Flavors: r-devel-linux-x86_64-debian-gcc, r-devel-linux-x86_64-fedora-gcc, r-devel-windows-x86_64