CRAN Package Check Results for Package NMADiagT

Last updated on 2022-12-09 11:00:43 CET.

Flavor Version Tinstall Tcheck Ttotal Status Flags
r-devel-linux-x86_64-debian-clang 0.1.2 17.96 277.21 295.17 NOTE
r-devel-linux-x86_64-debian-gcc 0.1.2 15.22 198.40 213.62 NOTE
r-devel-linux-x86_64-fedora-clang 0.1.2 381.54 NOTE
r-devel-linux-x86_64-fedora-gcc 0.1.2 344.12 NOTE
r-devel-windows-x86_64 0.1.2 30.00 305.00 335.00 NOTE
r-patched-linux-x86_64 0.1.2 17.78 247.23 265.01 NOTE
r-release-linux-x86_64 0.1.2 17.64 255.15 272.79 NOTE
r-release-macos-arm64 0.1.2 115.00 NOTE
r-release-macos-x86_64 0.1.2 131.00 NOTE
r-release-windows-x86_64 0.1.2 31.00 273.00 304.00 NOTE
r-oldrel-macos-arm64 0.1.2 83.00 NOTE
r-oldrel-macos-x86_64 0.1.2 196.00 NOTE
r-oldrel-windows-ix86+x86_64 0.1.2 38.00 294.00 332.00 NOTE

Check Details

Version: 0.1.2
Check: LazyData
Result: NOTE
     'LazyData' is specified without a 'data' directory
Flavors: r-devel-linux-x86_64-debian-clang, r-devel-linux-x86_64-debian-gcc, r-devel-linux-x86_64-fedora-clang, r-devel-linux-x86_64-fedora-gcc, r-devel-windows-x86_64, r-patched-linux-x86_64, r-release-linux-x86_64, r-release-macos-arm64, r-release-macos-x86_64, r-release-windows-x86_64, r-oldrel-macos-arm64, r-oldrel-macos-x86_64, r-oldrel-windows-ix86+x86_64