CRAN Package Check Results for Package MixSAL

Last updated on 2024-04-22 10:56:30 CEST.

Flavor Version Tinstall Tcheck Ttotal Status Flags
r-devel-linux-x86_64-debian-clang 1.0 1.89 30.23 32.12 NOTE
r-devel-linux-x86_64-debian-gcc 1.0 2.04 23.27 25.31 NOTE
r-devel-linux-x86_64-fedora-clang 1.0 41.60 NOTE
r-devel-linux-x86_64-fedora-gcc 1.0 41.76 NOTE
r-prerel-macos-arm64 1.0 17.00 NOTE
r-prerel-windows-x86_64 1.0 2.00 45.00 47.00 NOTE
r-patched-linux-x86_64 1.0 2.25 30.52 32.77 NOTE
r-release-linux-x86_64 1.0 2.84 27.79 30.63 OK
r-release-macos-arm64 1.0 17.00 OK
r-release-macos-x86_64 1.0 22.00 OK
r-release-windows-x86_64 1.0 3.00 44.00 47.00 OK
r-oldrel-macos-arm64 1.0 20.00 OK
r-oldrel-windows-x86_64 1.0 3.00 49.00 52.00 OK

Check Details

Version: 1.0
Check: Rd files
Result: NOTE checkRd: (-1) MixSAL-package.Rd:19: Lost braces; missing escapes or markup? 19 | This package contains the function {msal} for carrying about model based clustering using mixtures of SAL distributions; the functions {rsal} and {rmsal} for generating data from a multivariate SAL or mixture of multivariate SAL distributions, and hte functions {dsal} and {dmsal} for evaluating the model based clustering and classification using the mixture of generalized hyperbolic factor analyzers; | ^ checkRd: (-1) MixSAL-package.Rd:19: Lost braces; missing escapes or markup? 19 | This package contains the function {msal} for carrying about model based clustering using mixtures of SAL distributions; the functions {rsal} and {rmsal} for generating data from a multivariate SAL or mixture of multivariate SAL distributions, and hte functions {dsal} and {dmsal} for evaluating the model based clustering and classification using the mixture of generalized hyperbolic factor analyzers; | ^ checkRd: (-1) MixSAL-package.Rd:19: Lost braces; missing escapes or markup? 19 | This package contains the function {msal} for carrying about model based clustering using mixtures of SAL distributions; the functions {rsal} and {rmsal} for generating data from a multivariate SAL or mixture of multivariate SAL distributions, and hte functions {dsal} and {dmsal} for evaluating the model based clustering and classification using the mixture of generalized hyperbolic factor analyzers; | ^ checkRd: (-1) MixSAL-package.Rd:19: Lost braces; missing escapes or markup? 19 | This package contains the function {msal} for carrying about model based clustering using mixtures of SAL distributions; the functions {rsal} and {rmsal} for generating data from a multivariate SAL or mixture of multivariate SAL distributions, and hte functions {dsal} and {dmsal} for evaluating the model based clustering and classification using the mixture of generalized hyperbolic factor analyzers; | ^ checkRd: (-1) MixSAL-package.Rd:19: Lost braces; missing escapes or markup? 19 | This package contains the function {msal} for carrying about model based clustering using mixtures of SAL distributions; the functions {rsal} and {rmsal} for generating data from a multivariate SAL or mixture of multivariate SAL distributions, and hte functions {dsal} and {dmsal} for evaluating the model based clustering and classification using the mixture of generalized hyperbolic factor analyzers; | ^ checkRd: (-1) msal.Rd:45: Lost braces; missing escapes or markup? 45 | The {msal} function outputs a list with the following components: | ^ Flavors: r-devel-linux-x86_64-debian-clang, r-devel-linux-x86_64-debian-gcc, r-devel-linux-x86_64-fedora-clang, r-devel-linux-x86_64-fedora-gcc, r-prerel-macos-arm64, r-prerel-windows-x86_64, r-patched-linux-x86_64