Last updated on 2023-01-29 18:53:13 CET.
Flavor | Version | Tinstall | Tcheck | Ttotal | Status | Flags |
---|---|---|---|---|---|---|
r-devel-linux-x86_64-debian-clang | 1.1 | 40.79 | 308.59 | 349.38 | OK | |
r-devel-linux-x86_64-debian-gcc | 1.1 | 31.31 | 225.85 | 257.16 | OK | |
r-devel-linux-x86_64-fedora-clang | 1.1 | 471.92 | NOTE | |||
r-devel-linux-x86_64-fedora-gcc | 1.1 | 482.77 | NOTE | |||
r-devel-windows-x86_64 | 1.1 | 43.00 | 331.00 | 374.00 | OK | |
r-patched-linux-x86_64 | 1.1 | 32.47 | 293.89 | 326.36 | OK | |
r-release-linux-x86_64 | 1.1 | 32.47 | 301.15 | 333.62 | OK | |
r-release-macos-arm64 | 1.1 | 103.00 | NOTE | |||
r-release-macos-x86_64 | 1.1 | 173.00 | NOTE | |||
r-release-windows-x86_64 | 1.1 | 35.00 | 306.00 | 341.00 | OK | |
r-oldrel-macos-arm64 | 1.1 | 98.00 | NOTE | |||
r-oldrel-macos-x86_64 | 1.1 | 140.00 | NOTE | |||
r-oldrel-windows-ix86+x86_64 | 1.1 | 74.00 | 302.00 | 376.00 | OK |
Version: 1.1
Check: dependencies in R code
Result: NOTE
Namespaces in Imports field not imported from:
‘MASS’ ‘Matrix’ ‘utils’
All declared Imports should be used.
Flavors: r-devel-linux-x86_64-fedora-clang, r-devel-linux-x86_64-fedora-gcc, r-release-macos-arm64, r-release-macos-x86_64, r-oldrel-macos-arm64, r-oldrel-macos-x86_64