Last updated on 2023-02-06 18:52:11 CET.
Flavor | Version | Tinstall | Tcheck | Ttotal | Status | Flags |
---|---|---|---|---|---|---|
r-devel-linux-x86_64-debian-clang | 2.1.2 | 18.27 | 117.69 | 135.96 | OK | |
r-devel-linux-x86_64-debian-gcc | 2.1.2 | 11.85 | 86.48 | 98.33 | OK | |
r-devel-linux-x86_64-fedora-clang | 2.1.2 | 168.78 | NOTE | |||
r-devel-linux-x86_64-fedora-gcc | 2.1.2 | 157.75 | NOTE | |||
r-devel-windows-x86_64 | 2.1.2 | 43.00 | 150.00 | 193.00 | OK | |
r-patched-linux-x86_64 | 2.1.2 | 15.05 | 114.65 | 129.70 | OK | |
r-release-linux-x86_64 | 2.1.2 | 16.44 | 111.30 | 127.74 | OK | |
r-release-macos-arm64 | 2.1.2 | 40.00 | NOTE | |||
r-release-macos-x86_64 | 2.1.2 | 83.00 | NOTE | |||
r-release-windows-x86_64 | 2.1.2 | 37.00 | 153.00 | 190.00 | OK | |
r-oldrel-macos-arm64 | 2.1.2 | 41.00 | NOTE | |||
r-oldrel-macos-x86_64 | 2.1.2 | 61.00 | NOTE | |||
r-oldrel-windows-ix86+x86_64 | 2.1.2 | 30.00 | 144.00 | 174.00 | OK |
Version: 2.1.2
Check: dependencies in R code
Result: NOTE
Namespace in Imports field not imported from: ‘metadat’
All declared Imports should be used.
Flavors: r-devel-linux-x86_64-fedora-clang, r-devel-linux-x86_64-fedora-gcc, r-release-macos-arm64, r-release-macos-x86_64, r-oldrel-macos-arm64, r-oldrel-macos-x86_64