CRAN Package Check Results for Package MRPC

Last updated on 2024-06-14 02:54:08 CEST.

Flavor Version Tinstall Tcheck Ttotal Status Flags
r-devel-linux-x86_64-debian-clang 3.1.0 47.07 336.53 383.60 OK
r-devel-linux-x86_64-debian-gcc 3.1.0 0.49 1.82 2.31 ERROR
r-devel-linux-x86_64-fedora-clang 3.1.0 514.41 OK
r-devel-linux-x86_64-fedora-gcc 3.1.0 408.78 OK
r-devel-windows-x86_64 3.1.0 40.00 247.00 287.00 OK
r-patched-linux-x86_64 3.1.0 54.37 330.99 385.36 OK
r-release-linux-x86_64 3.1.0 40.24 325.22 365.46 OK
r-release-macos-arm64 3.1.0 128.00 OK
r-release-macos-x86_64 3.1.0 184.00 OK
r-release-windows-x86_64 3.1.0 40.00 247.00 287.00 OK
r-oldrel-macos-arm64 3.1.0 141.00 OK
r-oldrel-macos-x86_64 3.1.0 222.00 OK
r-oldrel-windows-x86_64 3.1.0 52.00 333.00 385.00 OK

Check Details

Version: 3.1.0
Check: package dependencies
Result: ERROR Packages required but not available: 'GGally', 'Hmisc', 'mice', 'network', 'pcalg', 'sna', 'WGCNA' See section ‘The DESCRIPTION file’ in the ‘Writing R Extensions’ manual. Flavor: r-devel-linux-x86_64-debian-gcc