CRAN Package Check Results for Package MCMCpack

Last updated on 2022-11-28 01:51:39 CET.

Flavor Version Tinstall Tcheck Ttotal Status Flags
r-devel-linux-x86_64-debian-clang 1.6-3 939.17 161.18 1100.35 OK
r-devel-linux-x86_64-debian-gcc 1.6-3 364.91 119.23 484.14 OK
r-devel-linux-x86_64-fedora-clang 1.6-3 1345.46 NOTE
r-devel-linux-x86_64-fedora-gcc 1.6-3 855.05 OK
r-devel-windows-x86_64 1.6-3 294.00 228.00 522.00 OK
r-patched-linux-x86_64 1.6-3 389.22 138.76 527.98 OK
r-release-linux-x86_64 1.6-3 379.74 140.56 520.30 OK
r-release-macos-arm64 1.6-3 267.00 NOTE
r-release-macos-x86_64 1.6-3 282.00 NOTE
r-release-windows-x86_64 1.6-3 309.00 203.00 512.00 OK
r-oldrel-macos-arm64 1.6-3 211.00 NOTE
r-oldrel-macos-x86_64 1.6-3 287.00 NOTE
r-oldrel-windows-ix86+x86_64 1.6-3 837.00 236.00 1073.00 NOTE

Check Details

Version: 1.6-3
Check: installed package size
Result: NOTE
     installed size is 7.6Mb
     sub-directories of 1Mb or more:
     libs 6.4Mb
Flavors: r-devel-linux-x86_64-fedora-clang, r-release-macos-arm64, r-release-macos-x86_64, r-oldrel-macos-arm64, r-oldrel-macos-x86_64, r-oldrel-windows-ix86+x86_64