CRAN Package Check Results for Package LPower

Last updated on 2024-04-22 18:52:53 CEST.

Flavor Version Tinstall Tcheck Ttotal Status Flags
r-devel-linux-x86_64-debian-clang 0.1.1 2.19 24.30 26.49 NOTE
r-devel-linux-x86_64-debian-gcc 0.1.1 1.55 19.04 20.59 NOTE
r-devel-linux-x86_64-fedora-clang 0.1.1 33.71 NOTE
r-devel-linux-x86_64-fedora-gcc 0.1.1 32.38 NOTE
r-prerel-macos-arm64 0.1.1 16.00 NOTE
r-prerel-windows-x86_64 0.1.1 3.00 40.00 43.00 NOTE
r-patched-linux-x86_64 0.1.1 2.84 23.86 26.70 NOTE
r-release-linux-x86_64 0.1.1 2.71 23.84 26.55 NOTE
r-release-macos-arm64 0.1.1 16.00 NOTE
r-release-macos-x86_64 0.1.1 21.00 NOTE
r-release-windows-x86_64 0.1.1 4.00 37.00 41.00 NOTE
r-oldrel-macos-arm64 0.1.1 18.00 NOTE
r-oldrel-windows-x86_64 0.1.1 4.00 44.00 48.00 NOTE

Check Details

Version: 0.1.1
Check: LazyData
Result: NOTE 'LazyData' is specified without a 'data' directory Flavors: r-devel-linux-x86_64-debian-clang, r-devel-linux-x86_64-debian-gcc, r-devel-linux-x86_64-fedora-clang, r-devel-linux-x86_64-fedora-gcc, r-prerel-macos-arm64, r-prerel-windows-x86_64, r-patched-linux-x86_64, r-release-linux-x86_64, r-release-macos-arm64, r-release-macos-x86_64, r-release-windows-x86_64, r-oldrel-macos-arm64, r-oldrel-windows-x86_64