CRAN Package Check Results for Package LCAvarsel

Last updated on 2024-04-19 10:57:29 CEST.

Flavor Version Tinstall Tcheck Ttotal Status Flags
r-devel-linux-x86_64-debian-clang 1.1 4.25 40.46 44.71 NOTE
r-devel-linux-x86_64-debian-gcc 1.1 NOTE
r-devel-linux-x86_64-fedora-clang 1.1 53.71 NOTE
r-devel-linux-x86_64-fedora-gcc 1.1 51.33 NOTE
r-prerel-macos-arm64 1.1 21.00 NOTE
r-prerel-windows-x86_64 1.1 4.00 54.00 58.00 NOTE
r-patched-linux-x86_64 1.1 7.52 38.03 45.55 NOTE
r-release-linux-x86_64 1.1 4.10 36.88 40.98 NOTE
r-release-macos-arm64 1.1 21.00 NOTE
r-release-macos-x86_64 1.1 40.00 NOTE
r-release-windows-x86_64 1.1 5.00 56.00 61.00 NOTE
r-oldrel-macos-arm64 1.1 21.00 NOTE
r-oldrel-windows-x86_64 1.1 5.00 60.00 65.00 NOTE

Check Details

Version: 1.1
Check: LazyData
Result: NOTE 'LazyData' is specified without a 'data' directory Flavors: r-devel-linux-x86_64-debian-clang, r-devel-linux-x86_64-debian-gcc, r-devel-linux-x86_64-fedora-clang, r-devel-linux-x86_64-fedora-gcc, r-prerel-macos-arm64, r-prerel-windows-x86_64, r-patched-linux-x86_64, r-release-linux-x86_64, r-release-macos-arm64, r-release-macos-x86_64, r-release-windows-x86_64, r-oldrel-macos-arm64, r-oldrel-windows-x86_64

Version: 1.1
Check: dependencies in R code
Result: NOTE Namespace in Imports field not imported from: ‘doParallel’ All declared Imports should be used. Flavors: r-devel-linux-x86_64-fedora-clang, r-devel-linux-x86_64-fedora-gcc, r-oldrel-macos-arm64