CRAN Package Check Results for Package KRMM

Last updated on 2024-04-12 18:57:17 CEST.

Flavor Version Tinstall Tcheck Ttotal Status Flags
r-devel-linux-x86_64-debian-clang 1.0 6.40 51.30 57.70 NOTE
r-devel-linux-x86_64-debian-gcc 1.0 4.33 37.14 41.47 NOTE
r-devel-linux-x86_64-fedora-clang 1.0 69.33 NOTE
r-devel-linux-x86_64-fedora-gcc 1.0 65.16 NOTE
r-devel-windows-x86_64 1.0 5.00 54.00 59.00 NOTE
r-patched-linux-x86_64 1.0 5.35 46.77 52.12 NOTE
r-release-linux-x86_64 1.0 5.26 48.86 54.12 NOTE
r-release-macos-arm64 1.0 27.00 NOTE
r-release-macos-x86_64 1.0 36.00 NOTE
r-release-windows-x86_64 1.0 5.00 57.00 62.00 NOTE
r-oldrel-macos-arm64 1.0 23.00 NOTE
r-oldrel-windows-x86_64 1.0 10.00 62.00 72.00 NOTE

Check Details

Version: 1.0
Check: Rd files
Result: NOTE checkRd: (-1) Predict_kernel_Ridge_MM.Rd:45: Lost braces; missing escapes or markup? 45 | and alpha_train is the BLUP of alpha for the model, i.e. alpha_train=Cov(alpha,Y_train)*Var(Y_train)^{-1}*(Y_train - E[Y_train]) } | ^ Flavors: r-devel-linux-x86_64-debian-clang, r-devel-linux-x86_64-debian-gcc, r-devel-linux-x86_64-fedora-clang, r-devel-linux-x86_64-fedora-gcc, r-devel-windows-x86_64, r-patched-linux-x86_64

Version: 1.0
Check: LazyData
Result: NOTE 'LazyData' is specified without a 'data' directory Flavors: r-devel-linux-x86_64-debian-clang, r-devel-linux-x86_64-debian-gcc, r-devel-linux-x86_64-fedora-clang, r-devel-linux-x86_64-fedora-gcc, r-devel-windows-x86_64, r-patched-linux-x86_64, r-release-linux-x86_64, r-release-macos-arm64, r-release-macos-x86_64, r-release-windows-x86_64, r-oldrel-macos-arm64, r-oldrel-windows-x86_64