CRAN Package Check Results for Package KFPLS

Last updated on 2024-07-15 02:48:15 CEST.

Flavor Version Tinstall Tcheck Ttotal Status Flags
r-devel-linux-x86_64-debian-clang 1.0 2.63 29.55 32.18 OK
r-devel-linux-x86_64-debian-gcc 1.0 1.62 23.57 25.19 OK
r-devel-linux-x86_64-fedora-clang 1.0 41.53 NOTE
r-devel-linux-x86_64-fedora-gcc 1.0 39.41 NOTE
r-devel-windows-x86_64 1.0 4.00 44.00 48.00 OK
r-patched-linux-x86_64 1.0 1.72 30.01 31.73 OK
r-release-linux-x86_64 1.0 1.95 29.94 31.89 OK
r-release-macos-arm64 1.0 18.00 OK
r-release-macos-x86_64 1.0 35.00 OK
r-release-windows-x86_64 1.0 4.00 44.00 48.00 OK
r-oldrel-macos-arm64 1.0 22.00 OK
r-oldrel-macos-x86_64 1.0 26.00 OK
r-oldrel-windows-x86_64 1.0 4.00 48.00 52.00 OK

Check Details

Version: 1.0
Check: dependencies in R code
Result: NOTE Namespace in Imports field not imported from: ‘splines’ All declared Imports should be used. Flavors: r-devel-linux-x86_64-fedora-clang, r-devel-linux-x86_64-fedora-gcc