Last updated on 2023-01-29 18:53:11 CET.
Flavor | Version | Tinstall | Tcheck | Ttotal | Status | Flags |
---|---|---|---|---|---|---|
r-devel-linux-x86_64-debian-clang | 0.3-0 | 93.75 | 144.50 | 238.25 | OK | |
r-devel-linux-x86_64-debian-gcc | 0.3-0 | 92.71 | 104.55 | 197.26 | NOTE | |
r-devel-linux-x86_64-fedora-clang | 0.3-0 | 325.65 | OK | |||
r-devel-linux-x86_64-fedora-gcc | 0.3-0 | 320.07 | NOTE | |||
r-devel-windows-x86_64 | 0.3-0 | 103.00 | 187.00 | 290.00 | NOTE | |
r-patched-linux-x86_64 | 0.3-0 | 93.27 | 138.40 | 231.67 | OK | |
r-release-linux-x86_64 | 0.3-0 | 88.97 | 142.85 | 231.82 | OK | |
r-release-macos-arm64 | 0.3-0 | 80.00 | NOTE | |||
r-release-macos-x86_64 | 0.3-0 | 108.00 | NOTE | |||
r-release-windows-x86_64 | 0.3-0 | 92.00 | 175.00 | 267.00 | OK | |
r-oldrel-macos-arm64 | 0.3-0 | 80.00 | NOTE | |||
r-oldrel-macos-x86_64 | 0.3-0 | 112.00 | NOTE | |||
r-oldrel-windows-ix86+x86_64 | 0.3-0 | 203.00 | 202.00 | 405.00 | OK |
Version: 0.3-0
Check: C++ specification
Result: NOTE
Specified C++11: please update to current default of C++17
Flavors: r-devel-linux-x86_64-debian-gcc, r-devel-linux-x86_64-fedora-gcc, r-devel-windows-x86_64
Version: 0.3-0
Check: installed package size
Result: NOTE
installed size is 10.2Mb
sub-directories of 1Mb or more:
libs 9.6Mb
Flavors: r-release-macos-arm64, r-release-macos-x86_64, r-oldrel-macos-arm64, r-oldrel-macos-x86_64