Last updated on 2023-12-10 03:59:58 CET.
Flavor | Version | Tinstall | Tcheck | Ttotal | Status | Flags |
---|---|---|---|---|---|---|
r-devel-linux-x86_64-debian-clang | 0.4-5 | 113.09 | 148.72 | 261.81 | OK | |
r-devel-linux-x86_64-debian-gcc | 0.4-5 | 73.99 | 109.51 | 183.50 | OK | |
r-devel-linux-x86_64-fedora-clang | 0.4-5 | 316.39 | OK | |||
r-devel-linux-x86_64-fedora-gcc | 0.4-5 | 325.39 | OK | |||
r-devel-windows-x86_64 | 0.4-5 | 73.00 | 136.00 | 209.00 | OK | |
r-patched-linux-x86_64 | 0.4-5 | 81.34 | 131.14 | 212.48 | OK | |
r-release-linux-x86_64 | 0.4-5 | 78.13 | 143.12 | 221.25 | OK | |
r-release-macos-arm64 | 0.4-5 | 74.00 | NOTE | |||
r-release-macos-x86_64 | 0.4-5 | 175.00 | NOTE | |||
r-release-windows-x86_64 | 0.4-5 | 93.00 | 173.00 | 266.00 | OK | |
r-oldrel-macos-arm64 | 0.4-5 | 82.00 | NOTE | |||
r-oldrel-macos-x86_64 | 0.4-5 | 112.00 | NOTE | |||
r-oldrel-windows-x86_64 | 0.4-5 | 87.00 | 165.00 | 252.00 | OK |
Version: 0.4-5
Check: installed package size
Result: NOTE
installed size is 9.7Mb
sub-directories of 1Mb or more:
libs 9.0Mb
Flavors: r-release-macos-arm64, r-release-macos-x86_64, r-oldrel-macos-arm64, r-oldrel-macos-x86_64