CRAN Package Check Results for Package IRTShiny

Last updated on 2022-11-28 17:52:57 CET.

Flavor Version Tinstall Tcheck Ttotal Status Flags
r-devel-linux-x86_64-debian-clang 1.2 10.06 84.75 94.81 NOTE
r-devel-linux-x86_64-debian-gcc 1.2 8.09 64.59 72.68 NOTE
r-devel-linux-x86_64-fedora-clang 1.2 128.23 NOTE
r-devel-linux-x86_64-fedora-gcc 1.2 124.21 NOTE
r-devel-windows-x86_64 1.2 16.00 103.00 119.00 NOTE
r-patched-linux-x86_64 1.2 7.40 79.14 86.54 NOTE
r-release-linux-x86_64 1.2 9.58 81.26 90.84 NOTE
r-release-macos-arm64 1.2 34.00 NOTE
r-release-macos-x86_64 1.2 62.00 NOTE
r-release-windows-x86_64 1.2 16.00 111.00 127.00 NOTE
r-oldrel-macos-arm64 1.2 38.00 NOTE
r-oldrel-macos-x86_64 1.2 59.00 NOTE
r-oldrel-windows-ix86+x86_64 1.2 23.00 104.00 127.00 NOTE

Check Details

Version: 1.2
Check: LazyData
Result: NOTE
     'LazyData' is specified without a 'data' directory
Flavors: r-devel-linux-x86_64-debian-clang, r-devel-linux-x86_64-debian-gcc, r-devel-linux-x86_64-fedora-clang, r-devel-linux-x86_64-fedora-gcc, r-devel-windows-x86_64, r-patched-linux-x86_64, r-release-linux-x86_64, r-release-macos-arm64, r-release-macos-x86_64, r-release-windows-x86_64, r-oldrel-macos-arm64, r-oldrel-macos-x86_64, r-oldrel-windows-ix86+x86_64