CRAN Package Check Results for Package IOHanalyzer

Last updated on 2024-07-14 10:56:04 CEST.

Flavor Version Tinstall Tcheck Ttotal Status Flags
r-devel-linux-x86_64-debian-clang 0.1.8.10 52.81 147.46 200.27 OK
r-devel-linux-x86_64-debian-gcc 0.1.8.10 38.53 108.24 146.77 OK
r-devel-linux-x86_64-fedora-clang 0.1.8.10 268.71 NOTE
r-devel-linux-x86_64-fedora-gcc 0.1.8.10 259.97 NOTE
r-devel-windows-x86_64 0.1.8.10 41.00 170.00 211.00 OK
r-patched-linux-x86_64 0.1.8.10 48.90 143.32 192.22 OK
r-release-linux-x86_64 0.1.8.10 32.63 143.19 175.82 OK
r-release-macos-arm64 0.1.8.10 75.00 NOTE
r-release-macos-x86_64 0.1.8.10 108.00 NOTE
r-release-windows-x86_64 0.1.8.10 48.00 167.00 215.00 OK
r-oldrel-macos-arm64 0.1.8.10 85.00 NOTE
r-oldrel-macos-x86_64 0.1.8.10 157.00 NOTE
r-oldrel-windows-x86_64 0.1.8.10 59.00 209.00 268.00 OK

Additional issues

noSuggests

Check Details

Version: 0.1.8.10
Check: data for non-ASCII characters
Result: NOTE Note: found 102 marked UTF-8 strings Flavors: r-devel-linux-x86_64-fedora-clang, r-devel-linux-x86_64-fedora-gcc

Version: 0.1.8.10
Check: installed package size
Result: NOTE installed size is 5.1Mb sub-directories of 1Mb or more: data 1.4Mb libs 1.8Mb shiny-server 1.0Mb Flavors: r-release-macos-arm64, r-release-macos-x86_64, r-oldrel-macos-arm64, r-oldrel-macos-x86_64