CRAN Package Check Results for Package IMP

Last updated on 2025-01-24 18:49:44 CET.

Flavor Version Tinstall Tcheck Ttotal Status Flags
r-devel-linux-x86_64-debian-clang 1.1 6.58 49.44 56.02 OK
r-devel-linux-x86_64-debian-gcc 1.1 4.22 35.97 40.19 OK
r-devel-linux-x86_64-fedora-clang 1.1 87.93 OK
r-devel-linux-x86_64-fedora-gcc 1.1 79.78 OK
r-devel-windows-x86_64 1.1 8.00 66.00 74.00 OK
r-patched-linux-x86_64 1.1 5.68 45.19 50.87 NOTE
r-release-linux-x86_64 1.1 5.34 44.53 49.87 NOTE
r-release-macos-arm64 1.1 28.00 NOTE
r-release-macos-x86_64 1.1 41.00 NOTE
r-release-windows-x86_64 1.1 8.00 68.00 76.00 NOTE
r-oldrel-macos-arm64 1.1 29.00 NOTE
r-oldrel-macos-x86_64 1.1 40.00 NOTE
r-oldrel-windows-x86_64 1.1 9.00 76.00 85.00 NOTE

Check Details

Version: 1.1
Check: LazyData
Result: NOTE 'LazyData' is specified without a 'data' directory Flavors: r-patched-linux-x86_64, r-release-linux-x86_64, r-release-macos-arm64, r-release-macos-x86_64, r-release-windows-x86_64, r-oldrel-macos-arm64, r-oldrel-macos-x86_64, r-oldrel-windows-x86_64