Last updated on 2023-02-05 11:10:37 CET.
Flavor | Version | Tinstall | Tcheck | Ttotal | Status | Flags |
---|---|---|---|---|---|---|
r-devel-linux-x86_64-debian-clang | 0.2.0 | 2.70 | 69.60 | 72.30 | NOTE | |
r-devel-linux-x86_64-debian-gcc | 0.2.0 | 2.05 | 48.68 | 50.73 | NOTE | |
r-devel-linux-x86_64-fedora-clang | 0.2.0 | 90.36 | NOTE | |||
r-devel-linux-x86_64-fedora-gcc | 0.2.0 | 86.79 | NOTE | |||
r-devel-windows-x86_64 | 0.2.0 | 14.00 | 98.00 | 112.00 | NOTE | |
r-patched-linux-x86_64 | 0.2.0 | 2.14 | 67.36 | 69.50 | NOTE | |
r-release-linux-x86_64 | 0.2.0 | 2.55 | 68.71 | 71.26 | NOTE | |
r-release-macos-arm64 | 0.2.0 | 40.00 | NOTE | |||
r-release-macos-x86_64 | 0.2.0 | 61.00 | NOTE | |||
r-release-windows-x86_64 | 0.2.0 | 9.00 | 102.00 | 111.00 | NOTE | |
r-oldrel-macos-arm64 | 0.2.0 | 46.00 | NOTE | |||
r-oldrel-macos-x86_64 | 0.2.0 | 66.00 | NOTE | |||
r-oldrel-windows-ix86+x86_64 | 0.2.0 | 7.00 | 105.00 | 112.00 | NOTE |
Version: 0.2.0
Check: LazyData
Result: NOTE
'LazyData' is specified without a 'data' directory
Flavors: r-devel-linux-x86_64-debian-clang, r-devel-linux-x86_64-debian-gcc, r-devel-linux-x86_64-fedora-clang, r-devel-linux-x86_64-fedora-gcc, r-devel-windows-x86_64, r-patched-linux-x86_64, r-release-linux-x86_64, r-release-macos-arm64, r-release-macos-x86_64, r-release-windows-x86_64, r-oldrel-macos-arm64, r-oldrel-macos-x86_64, r-oldrel-windows-ix86+x86_64