CRAN Package Check Results for Package IMEC

Last updated on 2024-02-28 18:50:37 CET.

Flavor Version Tinstall Tcheck Ttotal Status Flags
r-devel-linux-x86_64-debian-clang 0.2.0 2.80 68.04 70.84 NOTE
r-devel-linux-x86_64-debian-gcc 0.2.0 1.75 47.72 49.47 NOTE
r-devel-linux-x86_64-fedora-clang 0.2.0 85.34 NOTE
r-devel-linux-x86_64-fedora-gcc 0.2.0 82.84 NOTE
r-devel-windows-x86_64 0.2.0 4.00 69.00 73.00 NOTE
r-patched-linux-x86_64 0.2.0 1.68 67.61 69.29 NOTE
r-release-linux-x86_64 0.2.0 1.69 67.73 69.42 NOTE
r-release-macos-arm64 0.2.0 38.00 NOTE
r-release-macos-x86_64 0.2.0 64.00 NOTE
r-release-windows-x86_64 0.2.0 4.00 76.00 80.00 NOTE
r-oldrel-macos-arm64 0.2.0 40.00 NOTE
r-oldrel-windows-x86_64 0.2.0 4.00 82.00 86.00 NOTE

Check Details

Version: 0.2.0
Check: LazyData
Result: NOTE 'LazyData' is specified without a 'data' directory Flavors: r-devel-linux-x86_64-debian-clang, r-devel-linux-x86_64-debian-gcc, r-devel-linux-x86_64-fedora-clang, r-devel-linux-x86_64-fedora-gcc, r-devel-windows-x86_64, r-patched-linux-x86_64, r-release-linux-x86_64, r-release-macos-arm64, r-release-macos-x86_64, r-release-windows-x86_64, r-oldrel-macos-arm64, r-oldrel-windows-x86_64