Last updated on 2023-02-07 10:54:00 CET.
Flavor | Version | Tinstall | Tcheck | Ttotal | Status | Flags |
---|---|---|---|---|---|---|
r-devel-linux-x86_64-debian-clang | 0.0.1 | 5.06 | 49.78 | 54.84 | OK | |
r-devel-linux-x86_64-debian-gcc | 0.0.1 | 3.61 | 37.23 | 40.84 | OK | |
r-devel-linux-x86_64-fedora-clang | 0.0.1 | 69.24 | NOTE | |||
r-devel-linux-x86_64-fedora-gcc | 0.0.1 | 75.85 | NOTE | |||
r-devel-windows-x86_64 | 0.0.1 | 11.00 | 82.00 | 93.00 | OK | |
r-patched-linux-x86_64 | 0.0.1 | 3.88 | 46.59 | 50.47 | OK | |
r-release-linux-x86_64 | 0.0.1 | 5.07 | 47.08 | 52.15 | OK | |
r-release-macos-arm64 | 0.0.1 | 20.00 | NOTE | |||
r-release-macos-x86_64 | 0.0.1 | 32.00 | NOTE | |||
r-release-windows-x86_64 | 0.0.1 | 9.00 | 88.00 | 97.00 | OK | |
r-oldrel-macos-arm64 | 0.0.1 | 21.00 | NOTE | |||
r-oldrel-macos-x86_64 | 0.0.1 | 35.00 | NOTE | |||
r-oldrel-windows-ix86+x86_64 | 0.0.1 | 12.00 | 78.00 | 90.00 | OK |
Version: 0.0.1
Check: dependencies in R code
Result: NOTE
Namespace in Imports field not imported from: ‘knitr’
All declared Imports should be used.
Flavors: r-devel-linux-x86_64-fedora-clang, r-devel-linux-x86_64-fedora-gcc, r-release-macos-arm64, r-release-macos-x86_64, r-oldrel-macos-arm64, r-oldrel-macos-x86_64