CRAN Package Check Results for Package HRM

Last updated on 2024-04-13 02:49:32 CEST.

Flavor Version Tinstall Tcheck Ttotal Status Flags
r-devel-linux-x86_64-debian-clang 1.2.1 46.81 243.96 290.77 NOTE
r-devel-linux-x86_64-debian-gcc 1.2.1 35.12 207.46 242.58 NOTE
r-devel-linux-x86_64-fedora-clang 1.2.1 383.52 NOTE
r-devel-linux-x86_64-fedora-gcc 1.2.1 373.80 NOTE
r-devel-windows-x86_64 1.2.1 32.00 186.00 218.00 NOTE
r-patched-linux-x86_64 1.2.1 33.94 262.98 296.92 NOTE
r-release-linux-x86_64 1.2.1 38.63 236.49 275.12 NOTE
r-release-macos-arm64 1.2.1 99.00 NOTE
r-release-macos-x86_64 1.2.1 134.00 NOTE
r-release-windows-x86_64 1.2.1 39.00 235.00 274.00 NOTE
r-oldrel-macos-arm64 1.2.1 133.00 NOTE
r-oldrel-windows-x86_64 1.2.1 42.00 228.00 270.00 NOTE

Check Details

Version: 1.2.1
Check: package dependencies
Result: NOTE Packages suggested but not available for checking: 'RGtk2', 'cairoDevice' Flavors: r-devel-linux-x86_64-debian-clang, r-devel-linux-x86_64-debian-gcc, r-devel-linux-x86_64-fedora-clang, r-devel-linux-x86_64-fedora-gcc, r-devel-windows-x86_64, r-patched-linux-x86_64, r-release-linux-x86_64, r-release-macos-arm64, r-release-macos-x86_64, r-release-windows-x86_64, r-oldrel-macos-arm64, r-oldrel-windows-x86_64

Version: 1.2.1
Check: C++ specification
Result: NOTE Specified C++11: please drop specification unless essential Flavors: r-devel-linux-x86_64-debian-clang, r-devel-linux-x86_64-debian-gcc, r-devel-linux-x86_64-fedora-clang, r-devel-linux-x86_64-fedora-gcc, r-devel-windows-x86_64, r-patched-linux-x86_64, r-release-linux-x86_64, r-release-macos-arm64, r-release-macos-x86_64, r-release-windows-x86_64

Version: 1.2.1
Check: Rd \usage sections
Result: NOTE Documented arguments not in \usage in Rd file 'dot-E3.Rd': ‘i’ ‘M’ Documented arguments not in \usage in Rd file 'dot-E4.Rd': ‘i’ ‘M’ Documented arguments not in \usage in Rd file 'hrm.0w.2s.Rd': ‘group’ Documented arguments not in \usage in Rd file 'hrm.0w.3s.Rd': ‘group’ Documented arguments not in \usage in Rd file 'hrm.0w.4s.Rd': ‘group’ Documented arguments not in \usage in Rd file 'hrm.0w.5s.Rd': ‘group’ Documented arguments not in \usage in Rd file 'hrm.1f.Rd': ‘group’ Documented arguments not in \usage in Rd file 'hrm.1w.0f.Rd': ‘factor1’ Documented arguments not in \usage in Rd file 'hrm.2w.2f.Rd': ‘factor’ Documented arguments not in \usage in Rd file 'hrm.mv.1w.1f.Rd': ‘H’ ‘text’ Documented arguments not in \usage in Rd file 'hrm.mv.internal.Rd': ‘alpha’ ‘H’ ‘text’ Documented arguments not in \usage in Rd file 'hrm.test.1.none.Rd': ‘factor1’ ‘factor2’ Documented arguments not in \usage in Rd file 'hrm.test.1.one.Rd': ‘group’ ‘factor2’ Documented arguments not in \usage in Rd file 'hrm.test.2.one.Rd': ‘factor2’ Documented arguments not in \usage in Rd file 'hrm.test.2.two.Rd': ‘group’ Documented arguments not in \usage in Rd file 'hrm.test.3.three.Rd': ‘group’ Documented arguments not in \usage in Rd file 'hrm.test.4.four.Rd': ‘group’ Documented arguments not in \usage in Rd file 'hrm.test.5.five.Rd': ‘group’ Functions with \usage entries need to have the appropriate \alias entries, and all their arguments documented. The \usage entries must correspond to syntactically valid R code. See chapter ‘Writing R documentation files’ in the ‘Writing R Extensions’ manual. Flavors: r-devel-linux-x86_64-debian-clang, r-devel-linux-x86_64-debian-gcc, r-devel-linux-x86_64-fedora-clang, r-devel-linux-x86_64-fedora-gcc, r-devel-windows-x86_64, r-patched-linux-x86_64