Last updated on 2023-02-05 02:50:38 CET.
Flavor | Version | Tinstall | Tcheck | Ttotal | Status | Flags |
---|---|---|---|---|---|---|
r-devel-linux-x86_64-debian-clang | 0.1.6 | 32.88 | 101.75 | 134.63 | NOTE | |
r-devel-linux-x86_64-debian-gcc | 0.1.6 | 28.96 | 75.55 | 104.51 | NOTE | |
r-devel-linux-x86_64-fedora-clang | 0.1.6 | 170.23 | NOTE | |||
r-devel-linux-x86_64-fedora-gcc | 0.1.6 | 166.02 | NOTE | |||
r-devel-windows-x86_64 | 0.1.6 | 51.00 | 163.00 | 214.00 | NOTE | |
r-patched-linux-x86_64 | 0.1.6 | 25.47 | 98.07 | 123.54 | NOTE | |
r-release-linux-x86_64 | 0.1.6 | 29.36 | 99.88 | 129.24 | NOTE | |
r-release-macos-arm64 | 0.1.6 | 63.00 | NOTE | |||
r-release-macos-x86_64 | 0.1.6 | 63.00 | NOTE | |||
r-release-windows-x86_64 | 0.1.6 | 43.00 | 163.00 | 206.00 | NOTE | |
r-oldrel-macos-arm64 | 0.1.6 | 55.00 | NOTE | |||
r-oldrel-macos-x86_64 | 0.1.6 | 72.00 | NOTE | |||
r-oldrel-windows-ix86+x86_64 | 0.1.6 | 74.00 | 199.00 | 273.00 | NOTE |
Version: 0.1.6
Check: C++ specification
Result: NOTE
Specified C++11: please update to current default of C++17
Flavors: r-devel-linux-x86_64-debian-clang, r-devel-linux-x86_64-debian-gcc, r-devel-linux-x86_64-fedora-clang, r-devel-linux-x86_64-fedora-gcc, r-devel-windows-x86_64
Version: 0.1.6
Check: LazyData
Result: NOTE
'LazyData' is specified without a 'data' directory
Flavors: r-devel-linux-x86_64-debian-clang, r-devel-linux-x86_64-debian-gcc, r-devel-linux-x86_64-fedora-clang, r-devel-linux-x86_64-fedora-gcc, r-devel-windows-x86_64, r-patched-linux-x86_64, r-release-linux-x86_64, r-release-macos-arm64, r-release-macos-x86_64, r-release-windows-x86_64, r-oldrel-macos-arm64, r-oldrel-macos-x86_64, r-oldrel-windows-ix86+x86_64