CRAN Package Check Results for Package GenericML

Last updated on 2024-06-14 02:54:01 CEST.

Flavor Version Tinstall Tcheck Ttotal Status Flags
r-devel-linux-x86_64-debian-clang 0.2.2 10.64 117.26 127.90 OK
r-devel-linux-x86_64-debian-gcc 0.2.2 0.39 1.72 2.11 ERROR
r-devel-linux-x86_64-fedora-clang 0.2.2 170.40 OK
r-devel-linux-x86_64-fedora-gcc 0.2.2 158.61 OK
r-devel-windows-x86_64 0.2.2 10.00 107.00 117.00 OK
r-patched-linux-x86_64 0.2.2 10.25 120.65 130.90 OK
r-release-linux-x86_64 0.2.2 10.01 115.79 125.80 OK
r-release-macos-arm64 0.2.2 44.00 OK
r-release-macos-x86_64 0.2.2 65.00 OK
r-release-windows-x86_64 0.2.2 10.00 110.00 120.00 OK
r-oldrel-macos-arm64 0.2.2 49.00 OK
r-oldrel-macos-x86_64 0.2.2 74.00 NOTE
r-oldrel-windows-x86_64 0.2.2 13.00 138.00 151.00 OK

Check Details

Version: 0.2.2
Check: package dependencies
Result: ERROR Package required but not available: ‘ggplot2’ Packages suggested but not available for checking: 'kknn', 'testthat' See section ‘The DESCRIPTION file’ in the ‘Writing R Extensions’ manual. Flavor: r-devel-linux-x86_64-debian-gcc

Version: 0.2.2
Check: package dependencies
Result: NOTE Package suggested but not available for checking: ‘xgboost’ Flavor: r-oldrel-macos-x86_64