Last updated on 2023-01-27 11:49:28 CET.
Flavor | Version | Tinstall | Tcheck | Ttotal | Status | Flags |
---|---|---|---|---|---|---|
r-devel-linux-x86_64-debian-clang | 1.7 | 29.91 | 183.22 | 213.13 | OK | |
r-devel-linux-x86_64-debian-gcc | 1.7 | 26.00 | 133.55 | 159.55 | OK | |
r-devel-linux-x86_64-fedora-clang | 1.7 | 281.34 | NOTE | |||
r-devel-linux-x86_64-fedora-gcc | 1.7 | 295.81 | OK | |||
r-devel-windows-x86_64 | 1.7 | 50.00 | 220.00 | 270.00 | OK | |
r-patched-linux-x86_64 | 1.7 | 35.97 | 174.61 | 210.58 | OK | |
r-release-linux-x86_64 | 1.7 | 25.66 | 194.87 | 220.53 | OK | |
r-release-macos-arm64 | 1.7 | 83.00 | OK | |||
r-release-macos-x86_64 | 1.7 | 107.00 | OK | |||
r-release-windows-x86_64 | 1.7 | 41.00 | 242.00 | 283.00 | OK | |
r-oldrel-macos-arm64 | 1.7 | 80.00 | OK | |||
r-oldrel-macos-x86_64 | 1.7 | 109.00 | OK | |||
r-oldrel-windows-ix86+x86_64 | 1.7 | 75.00 | 289.00 | 364.00 | OK |
Version: 1.7
Check: Rd cross-references
Result: NOTE
Undeclared package ‘permute’ in Rd xrefs
Flavor: r-devel-linux-x86_64-fedora-clang