CRAN Package Check Results for Package GIGrvg

Last updated on 2024-06-14 02:54:01 CEST.

Flavor Version Tinstall Tcheck Ttotal Status Flags
r-devel-linux-x86_64-debian-clang 0.8 3.06 23.41 26.47 OK
r-devel-linux-x86_64-debian-gcc 0.8 2.35 18.88 21.23 OK
r-devel-linux-x86_64-fedora-clang 0.8 34.22 NOTE
r-devel-linux-x86_64-fedora-gcc 0.8 32.52 OK
r-devel-windows-x86_64 0.8 5.00 45.00 50.00 OK
r-patched-linux-x86_64 0.8 2.78 23.48 26.26 OK
r-release-linux-x86_64 0.8 2.21 23.48 25.69 OK
r-release-macos-arm64 0.8 15.00 OK
r-release-macos-x86_64 0.8 27.00 OK
r-release-windows-x86_64 0.8 5.00 45.00 50.00 OK
r-oldrel-macos-arm64 0.8 17.00 OK
r-oldrel-macos-x86_64 0.8 23.00 OK
r-oldrel-windows-x86_64 0.8 8.00 44.00 52.00 OK

Check Details

Version: 0.8
Check: Rd cross-references
Result: NOTE Undeclared package ‘Runuran’ in Rd xrefs Flavor: r-devel-linux-x86_64-fedora-clang