CRAN Package Check Results for Package FCNN4R

Last updated on 2018-11-17 02:48:26 CET.

Flavor Version Tinstall Tcheck Ttotal Status Flags
r-release-osx-x86_64 0.6.2 WARN
r-oldrel-osx-x86_64 0.6.2 OK

Check Details

Version: 0.6.2
Check: whether package can be installed
Result: WARN
    Found the following significant warnings:
     fcnn/level2.cpp:82:5: warning: 'register' storage class specifier is deprecated and incompatible with C++17 [-Wdeprecated-register]
     fcnn/level2.cpp:119:5: warning: 'register' storage class specifier is deprecated and incompatible with C++17 [-Wdeprecated-register]
     fcnn/level2.cpp:165:5: warning: 'register' storage class specifier is deprecated and incompatible with C++17 [-Wdeprecated-register]
Flavor: r-release-osx-x86_64