CRAN Package Check Results for Package FCNN4R

Last updated on 2018-04-21 19:49:59 CEST.

Flavor Version Tinstall Tcheck Ttotal Status Flags
r-devel-linux-x86_64-debian-clang 0.6.2 33.39 35.29 68.68 WARN
r-devel-linux-x86_64-debian-gcc 0.6.2 30.95 26.83 57.78 NOTE
r-devel-linux-x86_64-fedora-clang 0.6.2 87.24 NOTE
r-devel-linux-x86_64-fedora-gcc 0.6.2 82.79 NOTE
r-devel-windows-ix86+x86_64 0.6.2 92.00 88.00 180.00 OK
r-devel-osx-x86_64 0.6.2 OK
r-patched-linux-x86_64 0.6.2 35.59 33.36 68.95 NOTE
r-patched-solaris-x86 0.6.2 100.70 OK
r-release-linux-x86_64 0.6.2 35.86 38.67 74.53 NOTE
r-release-windows-ix86+x86_64 0.6.2 96.00 73.00 169.00 OK
r-release-osx-x86_64 0.6.2 OK
r-oldrel-windows-ix86+x86_64 0.6.2 93.00 56.00 149.00 OK

Check Details

Version: 0.6.2
Check: whether package can be installed
Result: WARN
    Found the following significant warnings:
     fcnn/level2.cpp:82:5: warning: 'register' storage class specifier is deprecated and incompatible with C++17 [-Wdeprecated-register]
     fcnn/level2.cpp:119:5: warning: 'register' storage class specifier is deprecated and incompatible with C++17 [-Wdeprecated-register]
     fcnn/level2.cpp:165:5: warning: 'register' storage class specifier is deprecated and incompatible with C++17 [-Wdeprecated-register]
Flavor: r-devel-linux-x86_64-debian-clang

Version: 0.6.2
Check: compiled code
Result: NOTE
    File ‘FCNN4R/libs/FCNN4R.so’:
     Found no calls to: ‘R_registerRoutines’, ‘R_useDynamicSymbols’
    
    It is good practice to register native routines and to disable symbol
    search.
    
    See ‘Writing portable packages’ in the ‘Writing R Extensions’ manual.
Flavors: r-devel-linux-x86_64-debian-clang, r-devel-linux-x86_64-debian-gcc, r-devel-linux-x86_64-fedora-clang, r-devel-linux-x86_64-fedora-gcc, r-patched-linux-x86_64, r-release-linux-x86_64