Last updated on 2023-01-29 13:51:22 CET.
Flavor | Version | Tinstall | Tcheck | Ttotal | Status | Flags |
---|---|---|---|---|---|---|
r-devel-linux-x86_64-debian-clang | 0.3.2 | 13.80 | 312.63 | 326.43 | OK | |
r-devel-linux-x86_64-debian-gcc | 0.3.2 | 10.64 | 223.41 | 234.05 | OK | |
r-devel-linux-x86_64-fedora-clang | 0.3.2 | 400.52 | NOTE | |||
r-devel-linux-x86_64-fedora-gcc | 0.3.2 | 397.97 | OK | |||
r-devel-windows-x86_64 | 0.3.2 | 64.00 | 360.00 | 424.00 | NOTE | |
r-patched-linux-x86_64 | 0.3.2 | 15.94 | 289.69 | 305.63 | OK | |
r-release-linux-x86_64 | 0.3.2 | 9.19 | 265.47 | 274.66 | OK | |
r-release-macos-arm64 | 0.3.2 | 146.00 | NOTE | |||
r-release-macos-x86_64 | 0.3.2 | 164.00 | NOTE | |||
r-release-windows-x86_64 | 0.3.2 | 54.00 | 332.00 | 386.00 | NOTE | |
r-oldrel-macos-arm64 | 0.3.2 | 10.00 | ERROR | |||
r-oldrel-macos-x86_64 | 0.3.2 | 12.00 | ERROR | |||
r-oldrel-windows-ix86+x86_64 | 0.3.2 | 32.00 | 347.00 | 379.00 | NOTE |
Version: 0.3.2
Check: installed package size
Result: NOTE
installed size is 6.8Mb
sub-directories of 1Mb or more:
data 2.5Mb
doc 1.6Mb
extdata 2.4Mb
Flavors: r-devel-linux-x86_64-fedora-clang, r-devel-windows-x86_64, r-release-macos-arm64, r-release-macos-x86_64, r-release-windows-x86_64, r-oldrel-windows-ix86+x86_64
Version: 0.3.2
Check: package dependencies
Result: ERROR
Package required and available but unsuitable version: ‘ggtree’
See section ‘The DESCRIPTION file’ in the ‘Writing R Extensions’
manual.
Flavors: r-oldrel-macos-arm64, r-oldrel-macos-x86_64