CRAN Package Check Results for Package EstimateGroupNetwork

Last updated on 2024-07-18 10:51:08 CEST.

Flavor Version Tinstall Tcheck Ttotal Status Flags
r-devel-linux-x86_64-debian-clang 0.3.1 14.47 118.21 132.68 NOTE
r-devel-linux-x86_64-debian-gcc 0.3.1 10.96 86.06 97.02 NOTE
r-devel-linux-x86_64-fedora-clang 0.3.1 168.76 NOTE
r-devel-windows-x86_64 0.3.1 14.00 94.00 108.00 NOTE
r-patched-linux-x86_64 0.3.1 9.42 111.79 121.21 NOTE
r-release-linux-x86_64 0.3.1 9.34 108.94 118.28 NOTE
r-release-macos-arm64 0.3.1 49.00 NOTE
r-release-macos-x86_64 0.3.1 69.00 NOTE
r-release-windows-x86_64 0.3.1 13.00 97.00 110.00 NOTE
r-oldrel-macos-arm64 0.3.1 45.00 NOTE
r-oldrel-macos-x86_64 0.3.1 83.00 NOTE
r-oldrel-windows-x86_64 0.3.1 18.00 116.00 134.00 NOTE

Check Details

Version: 0.3.1
Check: LazyData
Result: NOTE 'LazyData' is specified without a 'data' directory Flavors: r-devel-linux-x86_64-debian-clang, r-devel-linux-x86_64-debian-gcc, r-devel-linux-x86_64-fedora-clang, r-devel-windows-x86_64, r-patched-linux-x86_64, r-release-linux-x86_64, r-release-macos-arm64, r-release-macos-x86_64, r-release-windows-x86_64, r-oldrel-macos-arm64, r-oldrel-macos-x86_64, r-oldrel-windows-x86_64