CRAN Package Check Results for Package EpiNow2

Last updated on 2025-01-23 03:50:32 CET.

Flavor Version Tinstall Tcheck Ttotal Status Flags
r-devel-linux-x86_64-debian-clang 1.6.1 731.39 269.63 1001.02 OK
r-devel-linux-x86_64-debian-gcc 1.6.1 682.02 240.22 922.24 OK
r-devel-linux-x86_64-fedora-clang 1.6.1 1552.96 OK
r-devel-linux-x86_64-fedora-gcc 1.6.1 2237.26 OK
r-devel-windows-x86_64 1.6.1 698.00 352.00 1050.00 OK
r-patched-linux-x86_64 1.6.1 882.18 317.17 1199.35 NOTE
r-release-linux-x86_64 1.6.1 885.43 319.77 1205.20 NOTE
r-release-macos-arm64 1.6.1 305.00 NOTE
r-release-macos-x86_64 1.6.1 391.00 NOTE
r-release-windows-x86_64 1.6.1 671.00 358.00 1029.00 NOTE
r-oldrel-macos-arm64 1.6.1 387.00 NOTE
r-oldrel-macos-x86_64 1.6.1 398.00 NOTE
r-oldrel-windows-x86_64 1.6.1 888.00 450.00 1338.00 NOTE

Additional issues

M1mac M1mac

Check Details

Version: 1.6.1
Check: package dependencies
Result: NOTE Package suggested but not available for checking: ‘cmdstanr’ Flavors: r-patched-linux-x86_64, r-release-linux-x86_64, r-release-macos-arm64, r-release-macos-x86_64, r-release-windows-x86_64, r-oldrel-macos-arm64, r-oldrel-macos-x86_64, r-oldrel-windows-x86_64

Version: 1.6.1
Check: Rd cross-references
Result: NOTE Package unavailable to check Rd xrefs: ‘cmdstanr’ Flavors: r-patched-linux-x86_64, r-release-linux-x86_64, r-release-macos-arm64, r-release-macos-x86_64, r-release-windows-x86_64, r-oldrel-macos-arm64, r-oldrel-macos-x86_64, r-oldrel-windows-x86_64

Version: 1.6.1
Check: for GNU extensions in Makefiles
Result: NOTE GNU make is a SystemRequirements. Flavors: r-patched-linux-x86_64, r-release-linux-x86_64, r-release-macos-arm64, r-release-macos-x86_64, r-release-windows-x86_64, r-oldrel-macos-arm64, r-oldrel-macos-x86_64, r-oldrel-windows-x86_64

Version: 1.6.1
Check: installed package size
Result: NOTE installed size is 138.6Mb sub-directories of 1Mb or more: doc 1.3Mb extdata 2.3Mb libs 133.4Mb Flavors: r-release-macos-arm64, r-release-macos-x86_64, r-release-windows-x86_64, r-oldrel-macos-arm64, r-oldrel-macos-x86_64, r-oldrel-windows-x86_64