CRAN Package Check Results for Package EnsembleBase

Last updated on 2024-06-15 18:57:46 CEST.

Flavor Version Tinstall Tcheck Ttotal Status Flags
r-devel-linux-x86_64-debian-clang 1.0.2 14.29 106.12 120.41 NOTE
r-devel-linux-x86_64-debian-gcc 1.0.2 11.36 79.57 90.93 NOTE
r-devel-linux-x86_64-fedora-clang 1.0.2 150.55 NOTE
r-devel-linux-x86_64-fedora-gcc 1.0.2 146.14 NOTE
r-devel-windows-x86_64 1.0.2 12.00 95.00 107.00 NOTE
r-patched-linux-x86_64 1.0.2 12.65 102.55 115.20 NOTE
r-release-linux-x86_64 1.0.2 13.77 102.20 115.97 NOTE
r-release-macos-arm64 1.0.2 44.00 NOTE
r-release-macos-x86_64 1.0.2 66.00 NOTE
r-release-windows-x86_64 1.0.2 12.00 96.00 108.00 NOTE
r-oldrel-macos-arm64 1.0.2 50.00 OK
r-oldrel-macos-x86_64 1.0.2 79.00 OK
r-oldrel-windows-x86_64 1.0.2 15.00 119.00 134.00 OK

Check Details

Version: 1.0.2
Check: Rd files
Result: NOTE checkRd: (-1) ALL.Regression.Config-class.Rd:39: Lost braces 39 | \item{code{shrinkage}:}{Object of class \code{"numeric"}, defining the shrinkage parameter applied to each tree in expansion.} | ^ Flavors: r-devel-linux-x86_64-debian-clang, r-devel-linux-x86_64-debian-gcc, r-devel-linux-x86_64-fedora-clang, r-devel-linux-x86_64-fedora-gcc, r-devel-windows-x86_64, r-patched-linux-x86_64, r-release-linux-x86_64, r-release-macos-arm64, r-release-macos-x86_64, r-release-windows-x86_64