Last updated on 2023-12-10 03:59:53 CET.
Flavor | Version | Tinstall | Tcheck | Ttotal | Status | Flags |
---|---|---|---|---|---|---|
r-devel-linux-x86_64-debian-clang | 0.4-6 | 7.33 | 61.19 | 68.52 | NOTE | |
r-devel-linux-x86_64-debian-gcc | 0.4-6 | 6.46 | 46.27 | 52.73 | NOTE | |
r-devel-linux-x86_64-fedora-clang | 0.4-6 | 88.95 | NOTE | |||
r-devel-linux-x86_64-fedora-gcc | 0.4-6 | 82.25 | NOTE | |||
r-devel-windows-x86_64 | 0.4-6 | 9.00 | 65.00 | 74.00 | OK | |
r-patched-linux-x86_64 | 0.4-6 | 8.87 | 59.93 | 68.80 | NOTE | |
r-release-linux-x86_64 | 0.4-6 | 5.82 | 58.83 | 64.65 | NOTE | |
r-release-macos-arm64 | 0.4-6 | 32.00 | OK | |||
r-release-macos-x86_64 | 0.4-6 | 61.00 | OK | |||
r-release-windows-x86_64 | 0.4-6 | 11.00 | 75.00 | 86.00 | NOTE | |
r-oldrel-macos-arm64 | 0.4-6 | 31.00 | OK | |||
r-oldrel-macos-x86_64 | 0.4-6 | 42.00 | OK | |||
r-oldrel-windows-x86_64 | 0.4-6 | 13.00 | 80.00 | 93.00 | NOTE |
Version: 0.4-6
Check: package dependencies
Result: NOTE
Package suggested but not available for checking: ‘lavaan.survey’
Flavors: r-devel-linux-x86_64-debian-clang, r-devel-linux-x86_64-debian-gcc, r-devel-linux-x86_64-fedora-clang, r-devel-linux-x86_64-fedora-gcc, r-patched-linux-x86_64, r-release-linux-x86_64, r-release-windows-x86_64, r-oldrel-windows-x86_64