CRAN Package Check Results for Package EMAS

Last updated on 2024-03-03 04:48:35 CET.

Flavor Version Tinstall Tcheck Ttotal Status Flags
r-devel-linux-x86_64-debian-clang 0.2.2 65.46 622.13 687.59 NOTE
r-devel-linux-x86_64-debian-gcc 0.2.2 54.34 465.39 519.73 NOTE
r-devel-linux-x86_64-fedora-clang 0.2.2 894.58 NOTE
r-devel-linux-x86_64-fedora-gcc 0.2.2 872.83 NOTE
r-devel-windows-x86_64 0.2.2 59.00 399.00 458.00 OK
r-patched-linux-x86_64 0.2.2 71.64 597.93 669.57 OK
r-release-linux-x86_64 0.2.2 66.73 609.42 676.15 OK
r-release-macos-arm64 0.2.2 9.00 ERROR
r-release-macos-x86_64 0.2.2 8.00 ERROR
r-release-windows-x86_64 0.2.2 81.00 543.00 624.00 OK
r-oldrel-macos-arm64 0.2.2 186.00 OK
r-oldrel-windows-x86_64 0.2.2 76.00 473.00 549.00 OK

Check Details

Version: 0.2.2
Check: Rd files
Result: NOTE checkRd: (-1) Emas.Rd:55: Lost braces in \itemize; \value handles \item{}{} directly checkRd: (-1) Emas.Rd:56: Lost braces in \itemize; \value handles \item{}{} directly checkRd: (-1) Emas.Rd:57: Lost braces in \itemize; \value handles \item{}{} directly checkRd: (-1) Emas.Rd:58: Lost braces in \itemize; \value handles \item{}{} directly checkRd: (-1) Emas.Rd:59: Lost braces in \itemize; \value handles \item{}{} directly checkRd: (-1) Emas.Rd:60: Lost braces in \itemize; \value handles \item{}{} directly checkRd: (-1) Emas.Rd:61: Lost braces in \itemize; \value handles \item{}{} directly checkRd: (-1) Emas.Rd:62: Lost braces in \itemize; \value handles \item{}{} directly checkRd: (-1) Emas.Rd:63: Lost braces in \itemize; \value handles \item{}{} directly checkRd: (-1) Emas.Rd:64: Lost braces in \itemize; \value handles \item{}{} directly Flavors: r-devel-linux-x86_64-debian-clang, r-devel-linux-x86_64-debian-gcc, r-devel-linux-x86_64-fedora-clang, r-devel-linux-x86_64-fedora-gcc

Version: 0.2.2
Check: package dependencies
Result: ERROR Packages required but not available: 'minfi', 'IlluminaHumanMethylationEPICanno.ilm10b4.hg19', 'IlluminaHumanMethylation450kanno.ilmn12.hg19' See section ‘The DESCRIPTION file’ in the ‘Writing R Extensions’ manual. Flavors: r-release-macos-arm64, r-release-macos-x86_64