CRAN Package Check Results for Package ELYP

Last updated on 2018-04-21 19:49:58 CEST.

Flavor Version Tinstall Tcheck Ttotal Status Flags
r-devel-linux-x86_64-debian-clang 0.7-3 5.05 55.54 60.59 NOTE
r-devel-linux-x86_64-debian-gcc 0.7-3 4.86 44.41 49.27 NOTE
r-devel-linux-x86_64-fedora-clang 0.7-3 73.55 NOTE
r-devel-linux-x86_64-fedora-gcc 0.7-3 72.81 NOTE
r-devel-windows-ix86+x86_64 0.7-3 11.00 110.00 121.00 OK
r-devel-osx-x86_64 0.7-3 OK
r-patched-linux-x86_64 0.7-3 4.74 53.64 58.38 NOTE
r-patched-solaris-x86 0.7-3 114.00 OK
r-release-linux-x86_64 0.7-3 3.76 54.68 58.44 NOTE
r-release-windows-ix86+x86_64 0.7-3 9.00 107.00 116.00 OK
r-release-osx-x86_64 0.7-3 OK
r-oldrel-windows-ix86+x86_64 0.7-3 15.00 73.00 88.00 OK

Check Details

Version: 0.7-3
Check: compiled code
Result: NOTE
    File ‘ELYP/libs/ELYP.so’:
     Found no calls to: ‘R_registerRoutines’, ‘R_useDynamicSymbols’
    
    It is good practice to register native routines and to disable symbol
    search.
    
    See ‘Writing portable packages’ in the ‘Writing R Extensions’ manual.
Flavors: r-devel-linux-x86_64-debian-clang, r-devel-linux-x86_64-debian-gcc, r-devel-linux-x86_64-fedora-clang, r-devel-linux-x86_64-fedora-gcc, r-patched-linux-x86_64, r-release-linux-x86_64