CRAN Package Check Results for Package ELYP

Last updated on 2018-08-17 18:46:51 CEST.

Flavor Version Tinstall Tcheck Ttotal Status Flags
r-devel-linux-x86_64-debian-clang 0.7-3 7.59 65.15 72.74 NOTE
r-devel-linux-x86_64-debian-gcc 0.7-3 5.26 52.65 57.91 NOTE
r-devel-linux-x86_64-fedora-clang 0.7-3 84.14 NOTE
r-devel-linux-x86_64-fedora-gcc 0.7-3 81.60 NOTE
r-devel-windows-ix86+x86_64 0.7-3 17.00 123.00 140.00 OK
r-patched-linux-x86_64 0.7-3 5.83 54.75 60.58 NOTE
r-patched-solaris-x86 0.7-3 116.30 OK
r-release-linux-x86_64 0.7-3 5.66 53.83 59.49 NOTE
r-release-windows-ix86+x86_64 0.7-3 16.00 109.00 125.00 OK
r-release-osx-x86_64 0.7-3 OK
r-oldrel-windows-ix86+x86_64 0.7-3 10.00 106.00 116.00 OK
r-oldrel-osx-x86_64 0.7-3 OK

Check Details

Version: 0.7-3
Check: compiled code
Result: NOTE
    File ‘ELYP/libs/ELYP.so’:
     Found no calls to: ‘R_registerRoutines’, ‘R_useDynamicSymbols’
    
    It is good practice to register native routines and to disable symbol
    search.
    
    See ‘Writing portable packages’ in the ‘Writing R Extensions’ manual.
Flavors: r-devel-linux-x86_64-debian-clang, r-devel-linux-x86_64-debian-gcc, r-devel-linux-x86_64-fedora-clang, r-devel-linux-x86_64-fedora-gcc, r-patched-linux-x86_64, r-release-linux-x86_64