CRAN Package Check Results for Package ELYP

Last updated on 2018-01-20 10:46:29 CET.

Flavor Version Tinstall Tcheck Ttotal Status Flags
r-devel-linux-x86_64-debian-clang 0.7-3 4.02 51.73 55.75 NOTE
r-devel-linux-x86_64-debian-gcc 0.7-3 3.31 40.52 43.83 NOTE
r-devel-linux-x86_64-fedora-clang 0.7-3 74.22 NOTE
r-devel-linux-x86_64-fedora-gcc 0.7-3 73.54 NOTE
r-devel-windows-ix86+x86_64 0.7-3 13.00 105.00 118.00 OK
r-patched-linux-x86_64 0.7-3 3.60 55.38 58.98 NOTE
r-patched-solaris-x86 0.7-3 123.50 OK
r-release-linux-x86_64 0.7-3 3.92 54.44 58.36 NOTE
r-release-windows-ix86+x86_64 0.7-3 13.00 116.00 129.00 OK
r-release-osx-x86_64 0.7-3 OK
r-oldrel-windows-ix86+x86_64 0.7-3 12.00 105.00 117.00 OK
r-oldrel-osx-x86_64 0.7-3 OK

Check Details

Version: 0.7-3
Check: compiled code
Result: NOTE
    File ‘ELYP/libs/ELYP.so’:
     Found no calls to: ‘R_registerRoutines’, ‘R_useDynamicSymbols’
    
    It is good practice to register native routines and to disable symbol
    search.
    
    See ‘Writing portable packages’ in the ‘Writing R Extensions’ manual.
Flavors: r-devel-linux-x86_64-debian-clang, r-devel-linux-x86_64-debian-gcc, r-devel-linux-x86_64-fedora-clang, r-devel-linux-x86_64-fedora-gcc, r-patched-linux-x86_64, r-release-linux-x86_64