CRAN Package Check Results for Package DirectEffects

Last updated on 2024-04-19 10:57:23 CEST.

Flavor Version Tinstall Tcheck Ttotal Status Flags
r-devel-linux-x86_64-debian-clang 0.2.1 2.81 53.57 56.38 OK
r-devel-linux-x86_64-debian-gcc 0.2.1 OK
r-devel-linux-x86_64-fedora-clang 0.2.1 71.54 NOTE
r-devel-linux-x86_64-fedora-gcc 0.2.1 79.47 NOTE
r-prerel-macos-arm64 0.2.1 29.00 OK
r-prerel-windows-x86_64 0.2.1 3.00 65.00 68.00 OK
r-patched-linux-x86_64 0.2.1 3.18 51.17 54.35 OK
r-release-linux-x86_64 0.2.1 3.12 49.44 52.56 OK
r-release-macos-arm64 0.2.1 32.00 OK
r-release-macos-x86_64 0.2.1 47.00 OK
r-release-windows-x86_64 0.2.1 4.00 70.00 74.00 OK
r-oldrel-macos-arm64 0.2.1 26.00 OK
r-oldrel-windows-x86_64 0.2.1 5.00 69.00 74.00 OK

Check Details

Version: 0.2.1
Check: dependencies in R code
Result: NOTE Namespace in Imports field not imported from: ‘sandwich’ All declared Imports should be used. Flavors: r-devel-linux-x86_64-fedora-clang, r-devel-linux-x86_64-fedora-gcc