Last updated on 2025-01-25 18:50:24 CET.
Flavor | Version | Tinstall | Tcheck | Ttotal | Status | Flags |
---|---|---|---|---|---|---|
r-devel-linux-x86_64-debian-clang | 1.0.3 | 5.84 | 49.50 | 55.34 | NOTE | |
r-devel-linux-x86_64-debian-gcc | 1.0.3 | 4.37 | 35.18 | 39.55 | NOTE | |
r-devel-linux-x86_64-fedora-clang | 1.0.3 | 89.39 | OK | |||
r-devel-linux-x86_64-fedora-gcc | 1.0.3 | 98.60 | NOTE | |||
r-devel-windows-x86_64 | 1.0.3 | 9.00 | 69.00 | 78.00 | OK | |
r-patched-linux-x86_64 | 1.0.3 | 5.54 | 45.25 | 50.79 | OK | |
r-release-linux-x86_64 | 1.0.3 | 5.32 | 45.08 | 50.40 | OK | |
r-release-macos-arm64 | 1.0.3 | 44.00 | OK | |||
r-release-macos-x86_64 | 1.0.3 | 62.00 | OK | |||
r-release-windows-x86_64 | 1.0.3 | 7.00 | 68.00 | 75.00 | OK | |
r-oldrel-macos-arm64 | 1.0.3 | 45.00 | OK | |||
r-oldrel-macos-x86_64 | 1.0.3 | 61.00 | OK | |||
r-oldrel-windows-x86_64 | 1.0.3 | 9.00 | 75.00 | 84.00 | OK |
Version: 1.0.3
Check: DESCRIPTION meta-information
Result: NOTE
Missing dependency on R >= 4.1.0 because package code uses the pipe
|> or function shorthand \(...) syntax added in R 4.1.0.
File(s) using such syntax:
‘calculateDMY.R’
Flavors: r-devel-linux-x86_64-debian-clang, r-devel-linux-x86_64-debian-gcc, r-devel-linux-x86_64-fedora-gcc