CRAN Package Check Results for Package DSSP

Last updated on 2024-06-14 02:53:58 CEST.

Flavor Version Tinstall Tcheck Ttotal Status Flags
r-devel-linux-x86_64-debian-clang 0.1.1 76.09 155.36 231.45 NOTE
r-devel-linux-x86_64-debian-gcc 0.1.1 0.34 1.84 2.18 ERROR
r-devel-linux-x86_64-fedora-clang 0.1.1 318.39 NOTE
r-devel-linux-x86_64-fedora-gcc 0.1.1 404.91 NOTE
r-devel-windows-x86_64 0.1.1 59.00 181.00 240.00 NOTE
r-patched-linux-x86_64 0.1.1 57.79 214.63 272.42 NOTE
r-release-linux-x86_64 0.1.1 52.58 214.27 266.85 NOTE
r-release-macos-arm64 0.1.1 122.00 NOTE
r-release-macos-x86_64 0.1.1 173.00 NOTE
r-release-windows-x86_64 0.1.1 57.00 189.00 246.00 ERROR
r-oldrel-macos-arm64 0.1.1 135.00 NOTE
r-oldrel-macos-x86_64 0.1.1 206.00 NOTE
r-oldrel-windows-x86_64 0.1.1 74.00 241.00 315.00 NOTE

Check Details

Version: 0.1.1
Check: C++ specification
Result: NOTE Specified C++11: please drop specification unless essential Flavors: r-devel-linux-x86_64-debian-clang, r-devel-linux-x86_64-fedora-clang, r-devel-linux-x86_64-fedora-gcc, r-devel-windows-x86_64, r-patched-linux-x86_64, r-release-linux-x86_64, r-release-macos-arm64, r-release-macos-x86_64, r-release-windows-x86_64, r-oldrel-macos-arm64, r-oldrel-macos-x86_64, r-oldrel-windows-x86_64

Version: 0.1.1
Check: package dependencies
Result: ERROR Packages required but not available: 'mcmcse', 'posterior' Packages suggested but not available for checking: 'cowplot', 'ggplot2', 'testthat' See section ‘The DESCRIPTION file’ in the ‘Writing R Extensions’ manual. Flavor: r-devel-linux-x86_64-debian-gcc

Version: 0.1.1
Check: re-building of vignette outputs
Result: ERROR Error(s) in re-building vignettes: --- re-building 'dssp.Rmd' using rmarkdown pandoc.exe: osCommitMemory: VirtualAlloc MEM_COMMIT failed to commit 1048576 bytes of memory (error code: 1455): Die Auslagerungsdatei ist zu klein, um diesen Vorgang durchzuf<fc>hren. Error: processing vignette 'dssp.Rmd' failed with diagnostics: pandoc document conversion failed with error 251 --- failed re-building 'dssp.Rmd' SUMMARY: processing the following file failed: 'dssp.Rmd' Error: Vignette re-building failed. Execution halted Flavor: r-release-windows-x86_64