Last updated on 2023-01-29 13:51:20 CET.
Flavor | Version | Tinstall | Tcheck | Ttotal | Status | Flags |
---|---|---|---|---|---|---|
r-devel-linux-x86_64-debian-clang | 1.0.0 | 15.20 | 122.56 | 137.76 | OK | |
r-devel-linux-x86_64-debian-gcc | 1.0.0 | 13.41 | 90.62 | 104.03 | OK | |
r-devel-linux-x86_64-fedora-clang | 1.0.0 | 177.97 | NOTE | |||
r-devel-linux-x86_64-fedora-gcc | 1.0.0 | 176.95 | NOTE | |||
r-devel-windows-x86_64 | 1.0.0 | 24.00 | 151.00 | 175.00 | OK | |
r-patched-linux-x86_64 | 1.0.0 | 14.94 | 117.24 | 132.18 | OK | |
r-release-linux-x86_64 | 1.0.0 | 12.23 | 117.92 | 130.15 | OK | |
r-release-macos-arm64 | 1.0.0 | 54.00 | NOTE | |||
r-release-macos-x86_64 | 1.0.0 | 67.00 | NOTE | |||
r-release-windows-x86_64 | 1.0.0 | 20.00 | 153.00 | 173.00 | OK | |
r-oldrel-macos-arm64 | 1.0.0 | 44.00 | NOTE | |||
r-oldrel-macos-x86_64 | 1.0.0 | 69.00 | NOTE | |||
r-oldrel-windows-ix86+x86_64 | 1.0.0 | 36.00 | 141.00 | 177.00 | OK |
Version: 1.0.0
Check: package dependencies
Result: NOTE
Imports includes 24 non-default packages.
Importing from so many packages makes the package vulnerable to any of
them becoming unavailable. Move as many as possible to Suggests and
use conditionally.
Flavor: r-devel-linux-x86_64-fedora-clang
Version: 1.0.0
Check: dependencies in R code
Result: NOTE
Namespaces in Imports field not imported from:
‘bslib’ ‘knitr’ ‘matrixStats’ ‘rmarkdown’ ‘shinythemes’ ‘tidyverse’
All declared Imports should be used.
Flavors: r-devel-linux-x86_64-fedora-clang, r-devel-linux-x86_64-fedora-gcc, r-release-macos-arm64, r-release-macos-x86_64, r-oldrel-macos-arm64, r-oldrel-macos-x86_64