CRAN Package Check Results for Package CoTiMA

Last updated on 2023-02-07 10:53:52 CET.

Flavor Version Tinstall Tcheck Ttotal Status Flags
r-devel-linux-x86_64-debian-clang 0.6.2 1.07 1.91 2.98 ERROR
r-devel-linux-x86_64-debian-gcc 0.6.2 38.31 202.64 240.95 OK
r-devel-linux-x86_64-fedora-clang 0.6.2 423.96 NOTE
r-devel-linux-x86_64-fedora-gcc 0.6.2 401.58 NOTE
r-devel-windows-x86_64 0.6.2 132.00 321.00 453.00 OK
r-patched-linux-x86_64 0.6.2 53.39 277.56 330.95 OK
r-release-linux-x86_64 0.6.2 41.65 272.58 314.23 OK
r-release-macos-arm64 0.6.2 84.00 NOTE
r-release-macos-x86_64 0.6.2 147.00 NOTE
r-release-windows-x86_64 0.6.2 209.00 325.00 534.00 OK
r-oldrel-macos-arm64 0.6.2 112.00 NOTE
r-oldrel-macos-x86_64 0.6.2 146.00 NOTE
r-oldrel-windows-ix86+x86_64 0.6.2 94.00 312.00 406.00 OK

Check Details

Version: 0.6.2
Check: package dependencies
Result: ERROR
    Package required but not available: ‘ctsem’
    
    See section ‘The DESCRIPTION file’ in the ‘Writing R Extensions’
    manual.
Flavor: r-devel-linux-x86_64-debian-clang

Version: 0.6.2
Check: data for non-ASCII characters
Result: NOTE
     Note: found 59 marked UTF-8 strings
Flavors: r-devel-linux-x86_64-fedora-clang, r-devel-linux-x86_64-fedora-gcc, r-release-macos-arm64, r-release-macos-x86_64, r-oldrel-macos-arm64, r-oldrel-macos-x86_64

Version: 0.6.2
Check: installed package size
Result: NOTE
     installed size is 5.2Mb
     sub-directories of 1Mb or more:
     data 3.9Mb
Flavors: r-release-macos-arm64, r-oldrel-macos-arm64