CRAN Package Check Results for Package CoTiMA

Last updated on 2024-03-03 04:48:33 CET.

Flavor Version Tinstall Tcheck Ttotal Status Flags
r-devel-linux-x86_64-debian-clang 0.7.0 66.84 329.00 395.84 OK
r-devel-linux-x86_64-debian-gcc 0.7.0 56.21 245.36 301.57 OK
r-devel-linux-x86_64-fedora-clang 0.7.0 524.30 NOTE
r-devel-linux-x86_64-fedora-gcc 0.7.0 483.73 NOTE
r-devel-windows-x86_64 0.7.0 51.00 239.00 290.00 NOTE
r-patched-linux-x86_64 0.7.0 1.07 2.22 3.29 ERROR
r-release-linux-x86_64 0.7.0 0.65 2.14 2.79 ERROR
r-release-macos-arm64 0.7.0 11.00 ERROR
r-release-macos-x86_64 0.7.0 166.00 NOTE
r-release-windows-x86_64 0.7.0 71.00 300.00 371.00 NOTE
r-oldrel-macos-arm64 0.7.0 103.00 NOTE
r-oldrel-windows-x86_64 0.7.0 68.00 314.00 382.00 NOTE

Check Details

Version: 0.7.0
Check: installed package size
Result: NOTE installed size is 5.1Mb sub-directories of 1Mb or more: data 3.5Mb Flavors: r-devel-linux-x86_64-fedora-clang, r-devel-windows-x86_64, r-release-macos-x86_64, r-release-windows-x86_64, r-oldrel-macos-arm64, r-oldrel-windows-x86_64

Version: 0.7.0
Check: data for non-ASCII characters
Result: NOTE Note: found 59 marked UTF-8 strings Flavors: r-devel-linux-x86_64-fedora-clang, r-devel-linux-x86_64-fedora-gcc

Version: 0.7.0
Check: package dependencies
Result: ERROR Package required but not available: ‘ctsem’ See section ‘The DESCRIPTION file’ in the ‘Writing R Extensions’ manual. Flavors: r-patched-linux-x86_64, r-release-linux-x86_64, r-release-macos-arm64