CRAN Package Check Results for Package Cairo

Last updated on 2024-07-14 02:54:46 CEST.

Flavor Version Tinstall Tcheck Ttotal Status Flags
r-devel-linux-x86_64-debian-clang 1.6-2 10.38 28.10 38.48 NOTE
r-devel-linux-x86_64-debian-gcc 1.6-2 7.44 21.82 29.26 NOTE
r-devel-linux-x86_64-fedora-clang 1.6-2 51.38 NOTE
r-devel-linux-x86_64-fedora-gcc 1.6-2 49.31 NOTE
r-devel-windows-x86_64 1.6-2 28.00 86.00 114.00 NOTE
r-patched-linux-x86_64 1.6-2 8.50 27.04 35.54 OK
r-release-linux-x86_64 1.6-2 8.09 26.31 34.40 OK
r-release-macos-arm64 1.6-2 33.00 NOTE
r-release-macos-x86_64 1.6-2 42.00 NOTE
r-release-windows-x86_64 1.6-2 26.00 87.00 113.00 NOTE
r-oldrel-macos-arm64 1.6-2 40.00 NOTE
r-oldrel-macos-x86_64 1.6-2 83.00 NOTE
r-oldrel-windows-x86_64 1.6-2 30.00 109.00 139.00 WARN

Check Details

Version: 1.6-2
Check: compiled code
Result: NOTE File ‘Cairo/libs/Cairo.so’: Found non-API calls to R: ‘R_InputHandlers’, ‘Rf_gsetVar’ Compiled code should not call non-API entry points in R. See ‘Writing portable packages’ in the ‘Writing R Extensions’ manual, and section ‘Moving into C API compliance’ for issues with the use of non-API entry points. Flavors: r-devel-linux-x86_64-debian-clang, r-devel-linux-x86_64-fedora-clang, r-devel-linux-x86_64-fedora-gcc

Version: 1.6-2
Check: compiled code
Result: NOTE File ‘Cairo/libs/Cairo.so’: Found non-API call to R: ‘Rf_gsetVar’ Compiled code should not call non-API entry points in R. See ‘Writing portable packages’ in the ‘Writing R Extensions’ manual, and section ‘Moving into C API compliance’ for issues with the use of non-API entry points. Flavor: r-devel-linux-x86_64-debian-gcc

Version: 1.6-2
Check: installed package size
Result: NOTE installed size is 8.8Mb sub-directories of 1Mb or more: libs 8.7Mb Flavors: r-devel-windows-x86_64, r-release-macos-arm64, r-release-macos-x86_64, r-release-windows-x86_64, r-oldrel-macos-arm64, r-oldrel-macos-x86_64, r-oldrel-windows-x86_64

Version: 1.6-2
Check: compiled code
Result: NOTE File 'Cairo/libs/x64/Cairo.dll': Found non-API call to R: 'Rf_gsetVar' Compiled code should not call non-API entry points in R. See 'Writing portable packages' in the 'Writing R Extensions' manual, and section 'Moving into C API compliance' for issues with the use of non-API entry points. Flavor: r-devel-windows-x86_64

Version: 1.6-2
Check: whether package can be installed
Result: WARN Found the following significant warnings: D:/rtools43/usr/lib/mxe/usr/x86_64-w64-mingw32.static.posix/include/minwindef.h:196:3: warning: function declaration isn't a prototype [-Wstrict-prototypes] D:/rtools43/usr/lib/mxe/usr/x86_64-w64-mingw32.static.posix/include/minwindef.h:197:3: warning: function declaration isn't a prototype [-Wstrict-prototypes] D:/rtools43/usr/lib/mxe/usr/x86_64-w64-mingw32.static.posix/include/minwindef.h:198:3: warning: function declaration isn't a prototype [-Wstrict-prototypes] D:/rtools43/usr/lib/mxe/usr/x86_64-w64-mingw32.static.posix/include/processthreadsapi.h:130:47: warning: ISO C does not allow extra ';' outside of a function [-Wpedantic] D:/rtools43/usr/lib/mxe/usr/x86_64-w64-mingw32.static.posix/include/wingdi.h:2105:52: warning: ISO C restricts enumerator values to range of 'int' [-Wpedantic] D:/rtools43/usr/lib/mxe/usr/x86_64-w64-mingw32.static.posix/include/wingdi.h:2137:42: warning: ISO C restricts enumerator values to range of 'int' [-Wpedantic] D:/rtools43/usr/lib/mxe/usr/x86_64-w64-mingw32.static.posix/include/wingdi.h:2145:43: warning: ISO C restricts enumerator values to range of 'int' [-Wpedantic] D:/rtools43/usr/lib/mxe/usr/x86_64-w64-mingw32.static.posix/include/wingdi.h:2152:49: warning: ISO C restricts enumerator values to range of 'int' [-Wpedantic] D:/rtools43/usr/lib/mxe/usr/x86_64-w64-mingw32.static.posix/include/wingdi.h:2161:46: warning: ISO C restricts enumerator values to range of 'int' [-Wpedantic] D:/rtools43/usr/lib/mxe/usr/x86_64-w64-mingw32.static.posix/include/wingdi.h:2254:43: warning: ISO C restricts enumerator values to range of 'int' [-Wpedantic] D:/rtools43/usr/lib/mxe/usr/x86_64-w64-mingw32.static.posix/include/wingdi.h:2269:46: warning: ISO C restricts enumerator values to range of 'int' [-Wpedantic] D:/rtools43/usr/lib/mxe/usr/x86_64-w64-mingw32.static.posix/include/wingdi.h:2355:49: warning: ISO C restricts enumerator values to range of 'int' [-Wpedantic] D:/rtools43/usr/lib/mxe/usr/x86_64-w64-mingw32.static.posix/include/winuser.h:4235:34: warning: ISO C does not allow extra ';' outside of a function [-Wpedantic] D:/rtools43/usr/lib/mxe/usr/x86_64-w64-mingw32.static.posix/include/winuser.h:4236:35: warning: ISO C does not allow extra ';' outside of a function [-Wpedantic] D:/rtools43/usr/lib/mxe/usr/x86_64-w64-mingw32.static.posix/include/winuser.h:6736:40: warning: ISO C does not allow extra ';' outside of a function [-Wpedantic] D:/rtools43/usr/lib/mxe/usr/x86_64-w64-mingw32.static.posix/include/winuser.h:6749:54: warning: ISO C does not allow extra ';' outside of a function [-Wpedantic] D:/rtools43/usr/lib/mxe/usr/x86_64-w64-mingw32.static.posix/include/rpcndr.h:451:3: warning: function declaration isn't a prototype [-Wstrict-prototypes] D:/rtools43/usr/lib/mxe/usr/x86_64-w64-mingw32.static.posix/include/urlmon.h:1333:24: warning: ISO C restricts enumerator values to range of 'int' [-Wpedantic] D:/rtools43/usr/lib/mxe/usr/x86_64-w64-mingw32.static.posix/include/urlmon.h:1745:25: warning: ISO C restricts enumerator values to range of 'int' [-Wpedantic] D:/rtools43/usr/lib/mxe/usr/x86_64-w64-mingw32.static.posix/include/winioctl.h:359:11: warning: ISO C forbids zero-size array 'SerialNumber' [-Wpedantic] See 'd:/Rcompile/CRANpkg/local/4.3/Cairo.Rcheck/00install.out' for details. * used C compiler: 'gcc.exe (GCC) 12.3.0' Flavor: r-oldrel-windows-x86_64