CRAN Package Check Results for Package CaPO4Sim

Last updated on 2025-01-25 10:49:05 CET.

Flavor Version Tinstall Tcheck Ttotal Status Flags
r-devel-linux-x86_64-debian-clang 0.2.1 5.32 43.72 49.04 OK
r-devel-linux-x86_64-debian-gcc 0.2.1 4.96 32.01 36.97 OK
r-devel-linux-x86_64-fedora-clang 0.2.1 81.04 OK
r-devel-linux-x86_64-fedora-gcc 0.2.1 74.79 OK
r-devel-windows-x86_64 0.2.1 13.00 64.00 77.00 OK
r-patched-linux-x86_64 0.2.1 7.11 40.22 47.33 OK
r-release-linux-x86_64 0.2.1 5.94 40.35 46.29 OK
r-release-macos-arm64 0.2.1 28.00 NOTE
r-release-macos-x86_64 0.2.1 68.00 NOTE
r-release-windows-x86_64 0.2.1 10.00 64.00 74.00 NOTE
r-oldrel-macos-arm64 0.2.1 37.00 NOTE
r-oldrel-macos-x86_64 0.2.1 65.00 NOTE
r-oldrel-windows-x86_64 0.2.1 12.00 70.00 82.00 NOTE

Check Details

Version: 0.2.1
Check: installed package size
Result: NOTE installed size is 6.2Mb sub-directories of 1Mb or more: entry_level 1.7Mb virtual_patient_simulator 3.1Mb Flavors: r-release-macos-arm64, r-release-macos-x86_64, r-release-windows-x86_64, r-oldrel-macos-arm64, r-oldrel-macos-x86_64, r-oldrel-windows-x86_64